[Tue Sep 28 09:54:22.840993 2021] [php7:error] [pid 23274] [client 137.63.185.40:40592] script '/home/aerflo/wp-login.php' not found or unable to stat
[Tue Sep 28 11:33:17.506662 2021] [php7:error] [pid 24036] [client 52.247.226.210:52642] script '/home/aerflo/phpinfo.php' not found or unable to stat
[Tue Sep 28 11:33:18.586708 2021] [php7:error] [pid 25302] [client 52.247.226.210:59115] script '/home/aerflo/info.php' not found or unable to stat
[Tue Sep 28 16:46:00.860193 2021] [php7:error] [pid 25327] [client 45.146.164.110:37048] script '/home/aerflo/index.php' not found or unable to stat
[Tue Sep 28 19:55:46.701421 2021] [php7:error] [pid 23908] [client 52.247.226.210:60992] script '/home/aerflo/phpinfo.php' not found or unable to stat
[Tue Sep 28 19:55:47.082437 2021] [php7:error] [pid 17514] [client 52.247.226.210:61520] script '/home/aerflo/info.php' not found or unable to stat
[Tue Sep 28 23:43:37.677691 2021] [php7:error] [pid 24462] [client 23.228.109.147:32492] script '/home/aerflo/wp-login.php' not found or unable to stat
[Wed Sep 29 08:55:12.063867 2021] [php7:error] [pid 17442] [client 45.146.164.110:33898] script '/home/aerflo/index.php' not found or unable to stat
[Wed Sep 29 16:58:36.214416 2021] [php7:error] [pid 5538] [client 23.228.109.147:21761] script '/home/aerflo/wp-links-opml.php' not found or unable to stat
[Thu Sep 30 02:08:27.095422 2021] [php7:error] [pid 17954] [client 45.146.164.110:52178] script '/home/aerflo/index.php' not found or unable to stat
[Thu Sep 30 07:46:11.860278 2021] [php7:error] [pid 10950] [client 41.208.72.154:59302] script '/home/aerflo/wp-login.php' not found or unable to stat
[Thu Sep 30 07:51:25.606249 2021] [php7:error] [pid 10950] [client 5.188.210.227:48384] script '/home/aerflo/echo.php' not found or unable to stat, referer: https://www.google.com/
[Thu Sep 30 08:48:07.431237 2021] [php7:error] [pid 11012] [client 134.209.184.36:35082] script '/home/aerflo/system_api.php' not found or unable to stat
[Thu Sep 30 15:22:47.089911 2021] [php7:error] [pid 29883] [client 216.158.224.16:34106] script '/home/aerflo/wp-login.php' not found or unable to stat
[Thu Sep 30 20:59:47.485327 2021] [php7:error] [pid 32589] [client 45.146.164.110:52856] script '/home/aerflo/index.php' not found or unable to stat
[Fri Oct 01 15:53:30.523429 2021] [php7:error] [pid 12634] [client 45.146.164.110:43624] script '/home/aerflo/index.php' not found or unable to stat
[Fri Oct 01 18:34:29.859911 2021] [authz_core:error] [pid 10160] [client 143.198.136.88:60892] AH01630: client denied by server configuration: /home/aerflo/server-status
[Fri Oct 01 18:34:30.056429 2021] [php7:error] [pid 12634] [client 143.198.136.88:32804] script '/home/aerflo/info.php' not found or unable to stat
[Fri Oct 01 18:34:30.425670 2021] [php7:error] [pid 16857] [client 143.198.136.88:33102] script '/home/aerflo/frontend_dev.php' not found or unable to stat
[Sat Oct 02 11:44:41.045502 2021] [php7:error] [pid 16392] [client 45.146.164.110:45862] script '/home/aerflo/index.php' not found or unable to stat
[Sun Oct 03 01:30:31.580702 2021] [php7:error] [pid 12604] [client 217.160.192.178:63543] script '/home/aerflo/style.php' not found or unable to stat, referer: anonymousfox.co
[Sun Oct 03 01:30:34.320231 2021] [php7:error] [pid 18229] [client 217.160.192.178:55674] script '/home/aerflo/moduless.php' not found or unable to stat, referer: anonymousfox.co
[Sun Oct 03 01:30:39.364641 2021] [php7:error] [pid 23220] [client 217.160.192.178:56052] script '/home/aerflo/admin.php' not found or unable to stat, referer: anonymousfox.co
[Sun Oct 03 01:30:43.213018 2021] [php7:error] [pid 16614] [client 217.160.192.178:49239] script '/home/aerflo/index.php' not found or unable to stat, referer: anonymousfox.co
[Sun Oct 03 01:30:45.994512 2021] [php7:error] [pid 26839] [client 217.160.192.178:52191] script '/home/aerflo/boom.php' not found or unable to stat, referer: anonymousfox.co
[Sun Oct 03 01:30:56.220060 2021] [php7:error] [pid 21710] [client 217.160.192.178:54943] script '/home/aerflo/xmlrp.php' not found or unable to stat, referer: anonymousfox.co
[Sun Oct 03 01:30:58.911521 2021] [php7:error] [pid 21793] [client 217.160.192.178:53679] script '/home/aerflo/wpindex.php' not found or unable to stat, referer: anonymousfox.co
[Sun Oct 03 01:31:01.577586 2021] [php7:error] [pid 16614] [client 217.160.192.178:57852] script '/home/aerflo/larva.php' not found or unable to stat, referer: anonymousfox.co
[Sun Oct 03 01:31:04.387442 2021] [php7:error] [pid 18229] [client 217.160.192.178:53688] script '/home/aerflo/th3_err0r.php' not found or unable to stat, referer: anonymousfox.co
[Sun Oct 03 01:31:06.447539 2021] [php7:error] [pid 26839] [client 217.160.192.178:61066] script '/home/aerflo/alfindex.php' not found or unable to stat, referer: anonymousfox.co
[Sun Oct 03 01:31:09.021741 2021] [php7:error] [pid 12604] [client 217.160.192.178:57681] script '/home/aerflo/alfa.php' not found or unable to stat, referer: anonymousfox.co
[Sun Oct 03 01:31:11.609303 2021] [php7:error] [pid 23220] [client 217.160.192.178:64087] script '/home/aerflo/wp-booking.php' not found or unable to stat, referer: anonymousfox.co
[Sun Oct 03 01:31:13.833293 2021] [php7:error] [pid 18229] [client 217.160.192.178:52253] script '/home/aerflo/cindex.php' not found or unable to stat, referer: anonymousfox.co
[Sun Oct 03 01:31:20.384058 2021] [php7:error] [pid 19999] [client 217.160.192.178:49758] script '/home/aerflo/wp-1ogin_bak.php' not found or unable to stat, referer: anonymousfox.co
[Sun Oct 03 01:31:30.599411 2021] [php7:error] [pid 23220] [client 217.160.192.178:59104] script '/home/aerflo/old-index.php' not found or unable to stat, referer: anonymousfox.co
[Sun Oct 03 01:31:33.455736 2021] [php7:error] [pid 18229] [client 217.160.192.178:61135] script '/home/aerflo/config.bak.php' not found or unable to stat, referer: anonymousfox.co
[Sun Oct 03 01:32:01.191621 2021] [php7:error] [pid 23220] [client 217.160.192.178:59057] script '/home/aerflo/haders.php' not found or unable to stat, referer: anonymousfox.co
[Sun Oct 03 01:32:06.958974 2021] [php7:error] [pid 26839] [client 217.160.192.178:61895] script '/home/aerflo/legion.php' not found or unable to stat, referer: anonymousfox.co
[Sun Oct 03 01:32:17.272432 2021] [php7:error] [pid 21793] [client 217.160.192.178:56518] script '/home/aerflo/up.php' not found or unable to stat, referer: anonymousfox.co
[Sun Oct 03 01:32:19.558868 2021] [php7:error] [pid 12604] [client 217.160.192.178:52281] script '/home/aerflo/upload.php' not found or unable to stat, referer: anonymousfox.co
[Sun Oct 03 01:32:22.254176 2021] [php7:error] [pid 18229] [client 217.160.192.178:54719] script '/home/aerflo/config.php' not found or unable to stat, referer: anonymousfox.co
[Sun Oct 03 01:32:24.790399 2021] [php7:error] [pid 23224] [client 217.160.192.178:59369] script '/home/aerflo/test.php' not found or unable to stat, referer: anonymousfox.co
[Sun Oct 03 06:37:53.563696 2021] [php7:error] [pid 2593] [client 45.146.164.110:41930] script '/home/aerflo/index.php' not found or unable to stat
[Sun Oct 03 09:05:44.183701 2021] [php7:error] [pid 2689] [client 152.32.186.238:37686] script '/home/aerflo/kefu.php' not found or unable to stat
[Sun Oct 03 09:05:44.353380 2021] [php7:error] [pid 2689] [client 152.32.186.238:37686] script '/home/aerflo/info.php' not found or unable to stat
[Sun Oct 03 09:07:06.034234 2021] [php7:error] [pid 3982] [client 152.32.186.238:47736] script '/home/aerflo/config.php' not found or unable to stat
[Sun Oct 03 09:07:11.551621 2021] [php7:error] [pid 8015] [client 152.32.186.238:33308] script '/home/aerflo/index.php' not found or unable to stat
[Sun Oct 03 09:07:22.710032 2021] [php7:error] [pid 8015] [client 152.32.186.238:60402] script '/home/aerflo/index.php' not found or unable to stat
[Sun Oct 03 09:07:22.888985 2021] [php7:error] [pid 8015] [client 152.32.186.238:60402] script '/home/aerflo/index.php' not found or unable to stat
[Sun Oct 03 09:07:30.495038 2021] [php7:error] [pid 7979] [client 152.32.186.238:50404] script '/home/aerflo/leftDao.php' not found or unable to stat
[Sun Oct 03 09:53:52.908995 2021] [php7:error] [pid 3982] [client 107.180.88.41:55128] script '/home/aerflo/wp-login.php' not found or unable to stat
[Sun Oct 03 10:17:10.684216 2021] [php7:error] [pid 3982] [client 147.182.226.44:35104] script '/home/aerflo/lixuan.php' not found or unable to stat
[Sun Oct 03 10:17:10.815691 2021] [php7:error] [pid 8054] [client 147.182.226.44:44456] script '/home/aerflo/lixuan.php' not found or unable to stat
[Sun Oct 03 16:26:21.213987 2021] [php7:error] [pid 12699] [client 147.182.226.44:41538] script '/home/aerflo/lixuan.php' not found or unable to stat
[Sun Oct 03 16:26:21.387065 2021] [php7:error] [pid 8014] [client 147.182.226.44:44008] script '/home/aerflo/lixuan.php' not found or unable to stat
[Mon Oct 04 04:26:33.324036 2021] [php7:error] [pid 31519] [client 45.146.164.110:35372] script '/home/aerflo/index.php' not found or unable to stat
[Mon Oct 04 08:18:47.122458 2021] [php7:error] [pid 18492] [client 167.114.62.163:52769] script '/home/aerflo/phpinfo.php' not found or unable to stat
[Mon Oct 04 08:18:50.017627 2021] [php7:error] [pid 16812] [client 167.114.62.163:55961] script '/home/aerflo/info.php' not found or unable to stat
[Mon Oct 04 08:20:01.832653 2021] [php7:error] [pid 16873] [client 167.114.62.163:57123] script '/home/aerflo/phpinfo.php' not found or unable to stat
[Mon Oct 04 08:20:11.598310 2021] [php7:error] [pid 16787] [client 167.114.62.163:57651] script '/home/aerflo/info.php' not found or unable to stat
[Mon Oct 04 08:20:14.757102 2021] [php7:error] [pid 20407] [client 167.114.62.163:54741] script '/home/aerflo/phpinfo.php' not found or unable to stat
[Mon Oct 04 08:20:20.637774 2021] [php7:error] [pid 16786] [client 167.114.62.163:52691] script '/home/aerflo/info.php' not found or unable to stat
[Mon Oct 04 08:20:24.570712 2021] [php7:error] [pid 16873] [client 167.114.62.163:49929] script '/home/aerflo/phpinfo.php' not found or unable to stat
[Mon Oct 04 08:20:27.865358 2021] [php7:error] [pid 16787] [client 167.114.62.163:53833] script '/home/aerflo/info.php' not found or unable to stat
[Mon Oct 04 08:20:40.746799 2021] [php7:error] [pid 16873] [client 167.114.62.163:57458] script '/home/aerflo/phpinfo.php' not found or unable to stat
[Mon Oct 04 08:20:42.746305 2021] [php7:error] [pid 18492] [client 167.114.62.163:65333] script '/home/aerflo/info.php' not found or unable to stat
[Mon Oct 04 08:20:58.288163 2021] [php7:error] [pid 16873] [client 167.114.62.163:51393] script '/home/aerflo/phpinfo.php' not found or unable to stat
[Mon Oct 04 08:20:59.822301 2021] [php7:error] [pid 18492] [client 167.114.62.163:56678] script '/home/aerflo/info.php' not found or unable to stat
[Mon Oct 04 08:21:48.294009 2021] [php7:error] [pid 16786] [client 167.114.62.163:60153] script '/home/aerflo/phpinfo.php' not found or unable to stat
[Mon Oct 04 08:21:51.603211 2021] [php7:error] [pid 20406] [client 167.114.62.163:55321] script '/home/aerflo/info.php' not found or unable to stat
[Mon Oct 04 21:01:08.604765 2021] [php7:error] [pid 16945] [client 45.146.164.110:55682] script '/home/aerflo/index.php' not found or unable to stat
[Tue Oct 05 14:28:48.208937 2021] [php7:error] [pid 8786] [client 45.146.164.110:51886] script '/home/aerflo/index.php' not found or unable to stat
[Tue Oct 05 19:41:43.634493 2021] [php7:error] [pid 27601] [client 186.64.119.245:49238] script '/home/aerflo/wp-login.php' not found or unable to stat
[Tue Oct 05 19:41:43.634532 2021] [php7:error] [pid 29304] [client 186.64.119.245:49240] script '/home/aerflo/wp-login.php' not found or unable to stat
[Tue Oct 05 22:29:19.308683 2021] [php7:error] [pid 29700] [client 167.114.62.163:58861] script '/home/aerflo/phpinfo.php' not found or unable to stat
[Tue Oct 05 22:29:20.010517 2021] [php7:error] [pid 29301] [client 167.114.62.163:58875] script '/home/aerflo/info.php' not found or unable to stat
[Tue Oct 05 23:18:47.720418 2021] [core:error] [pid 27602] [client 45.146.164.110:48290] AH00126: Invalid URI in request POST /cgi-bin/.%2e/.%2e/.%2e/.%2e/bin/sh HTTP/1.1
[Tue Oct 05 23:45:03.194322 2021] [php7:error] [pid 29700] [client 139.59.146.186:39462] script '/home/aerflo/wp-login.php' not found or unable to stat
[Tue Oct 05 23:48:08.333618 2021] [core:error] [pid 29304] [client 145.220.25.28:47540] AH00126: Invalid URI in request GET /cgi-bin/.%2e/%2e%2e/%2e%2e/%2e%2e/etc/passwd HTTP/1.1
[Wed Oct 06 00:00:24.467144 2021] [php7:error] [pid 31567] [client 101.32.26.253:52428] script '/home/aerflo/wp-login.php' not found or unable to stat
[Wed Oct 06 03:05:39.096356 2021] [php7:error] [pid 27602] [client 92.205.14.36:25804] script '/home/aerflo/wp-login.php' not found or unable to stat
[Wed Oct 06 05:22:25.554218 2021] [php7:error] [pid 31567] [client 43.248.96.136:60550] script '/home/aerflo/lixuan.php' not found or unable to stat
[Wed Oct 06 06:32:31.061138 2021] [php7:error] [pid 20792] [client 23.228.109.147:32754] script '/home/aerflo/index.php' not found or unable to stat
[Wed Oct 06 11:16:03.344132 2021] [php7:error] [pid 22203] [client 45.146.164.110:55014] script '/home/aerflo/index.php' not found or unable to stat
[Wed Oct 06 15:16:13.653809 2021] [php7:error] [pid 29826] [client 178.128.58.252:49780] script '/home/aerflo/system_api.php' not found or unable to stat
[Wed Oct 06 22:37:14.735242 2021] [php7:error] [pid 20742] [client 167.114.62.163:55979] script '/home/aerflo/phpinfo.php' not found or unable to stat
[Wed Oct 06 22:37:16.793433 2021] [php7:error] [pid 10196] [client 167.114.62.163:56575] script '/home/aerflo/info.php' not found or unable to stat
[Wed Oct 06 22:38:20.985151 2021] [php7:error] [pid 14233] [client 167.114.62.163:59818] script '/home/aerflo/phpinfo.php' not found or unable to stat
[Wed Oct 06 22:38:24.693746 2021] [php7:error] [pid 10196] [client 167.114.62.163:61994] script '/home/aerflo/info.php' not found or unable to stat
[Wed Oct 06 22:38:32.106222 2021] [php7:error] [pid 16436] [client 167.114.62.163:64823] script '/home/aerflo/phpinfo.php' not found or unable to stat
[Wed Oct 06 22:38:34.452997 2021] [php7:error] [pid 22271] [client 167.114.62.163:49316] script '/home/aerflo/info.php' not found or unable to stat
[Wed Oct 06 22:38:43.317724 2021] [php7:error] [pid 14229] [client 167.114.62.163:51735] script '/home/aerflo/phpinfo.php' not found or unable to stat
[Wed Oct 06 22:38:46.672695 2021] [php7:error] [pid 3376] [client 167.114.62.163:53499] script '/home/aerflo/info.php' not found or unable to stat
[Wed Oct 06 22:39:41.260664 2021] [php7:error] [pid 10196] [client 167.114.62.163:55959] script '/home/aerflo/phpinfo.php' not found or unable to stat
[Wed Oct 06 22:39:45.843931 2021] [php7:error] [pid 22271] [client 167.114.62.163:57023] script '/home/aerflo/info.php' not found or unable to stat
[Wed Oct 06 22:40:27.889920 2021] [php7:error] [pid 10196] [client 167.114.62.163:58804] script '/home/aerflo/phpinfo.php' not found or unable to stat
[Wed Oct 06 22:40:29.894687 2021] [php7:error] [pid 14233] [client 167.114.62.163:59813] script '/home/aerflo/info.php' not found or unable to stat
[Wed Oct 06 22:40:34.311434 2021] [php7:error] [pid 22271] [client 167.114.62.163:62705] script '/home/aerflo/phpinfo.php' not found or unable to stat
[Wed Oct 06 22:40:36.681308 2021] [php7:error] [pid 20738] [client 167.114.62.163:63896] script '/home/aerflo/info.php' not found or unable to stat
[Wed Oct 06 22:40:40.865250 2021] [php7:error] [pid 10196] [client 167.114.62.163:49233] script '/home/aerflo/phpinfo.php' not found or unable to stat
[Wed Oct 06 22:40:43.327602 2021] [php7:error] [pid 10196] [client 167.114.62.163:50472] script '/home/aerflo/info.php' not found or unable to stat
[Wed Oct 06 22:41:23.145038 2021] [php7:error] [pid 14233] [client 167.114.62.163:49637] script '/home/aerflo/phpinfo.php' not found or unable to stat
[Wed Oct 06 22:41:25.410044 2021] [php7:error] [pid 14233] [client 167.114.62.163:50961] script '/home/aerflo/info.php' not found or unable to stat
[Wed Oct 06 22:41:37.575586 2021] [php7:error] [pid 26558] [client 167.114.62.163:54846] script '/home/aerflo/phpinfo.php' not found or unable to stat
[Wed Oct 06 22:41:40.422700 2021] [php7:error] [pid 26558] [client 167.114.62.163:55076] script '/home/aerflo/info.php' not found or unable to stat
[Wed Oct 06 22:41:44.909992 2021] [php7:error] [pid 16436] [client 167.114.62.163:56037] script '/home/aerflo/phpinfo.php' not found or unable to stat
[Wed Oct 06 22:41:47.243741 2021] [php7:error] [pid 16436] [client 167.114.62.163:57081] script '/home/aerflo/info.php' not found or unable to stat
[Wed Oct 06 22:41:51.829129 2021] [php7:error] [pid 16436] [client 167.114.62.163:58150] script '/home/aerflo/phpinfo.php' not found or unable to stat
[Wed Oct 06 22:41:54.947332 2021] [php7:error] [pid 14229] [client 167.114.62.163:58363] script '/home/aerflo/info.php' not found or unable to stat
[Wed Oct 06 22:41:59.582303 2021] [php7:error] [pid 10196] [client 167.114.62.163:60802] script '/home/aerflo/phpinfo.php' not found or unable to stat
[Wed Oct 06 22:42:03.025315 2021] [php7:error] [pid 10196] [client 167.114.62.163:61978] script '/home/aerflo/info.php' not found or unable to stat
[Wed Oct 06 22:42:21.429696 2021] [php7:error] [pid 14229] [client 167.114.62.163:53439] script '/home/aerflo/phpinfo.php' not found or unable to stat
[Wed Oct 06 22:42:22.996578 2021] [php7:error] [pid 14233] [client 167.114.62.163:54207] script '/home/aerflo/info.php' not found or unable to stat
[Wed Oct 06 22:42:36.814278 2021] [php7:error] [pid 14233] [client 167.114.62.163:62636] script '/home/aerflo/phpinfo.php' not found or unable to stat
[Wed Oct 06 22:42:39.633158 2021] [php7:error] [pid 3376] [client 167.114.62.163:63829] script '/home/aerflo/info.php' not found or unable to stat
[Wed Oct 06 22:43:45.955134 2021] [php7:error] [pid 22271] [client 167.114.62.163:56496] script '/home/aerflo/phpinfo.php' not found or unable to stat
[Wed Oct 06 22:43:48.262447 2021] [php7:error] [pid 26558] [client 167.114.62.163:54680] script '/home/aerflo/info.php' not found or unable to stat
[Wed Oct 06 22:44:06.705230 2021] [php7:error] [pid 22203] [client 167.114.62.163:63626] script '/home/aerflo/phpinfo.php' not found or unable to stat
[Wed Oct 06 22:44:09.019469 2021] [php7:error] [pid 20738] [client 167.114.62.163:65098] script '/home/aerflo/info.php' not found or unable to stat
[Wed Oct 06 22:44:32.046405 2021] [php7:error] [pid 16436] [client 167.114.62.163:60089] script '/home/aerflo/phpinfo.php' not found or unable to stat
[Wed Oct 06 22:44:34.921587 2021] [php7:error] [pid 16850] [client 167.114.62.163:61416] script '/home/aerflo/info.php' not found or unable to stat
[Thu Oct 07 02:19:21.361396 2021] [php7:error] [pid 21596] [client 144.217.123.236:57166] script '/home/aerflo/wp-login.php' not found or unable to stat
[Thu Oct 07 09:45:00.288852 2021] [php7:error] [pid 29948] [client 85.17.88.170:52690] script '/home/aerflo/wp-login.php' not found or unable to stat
[Thu Oct 07 09:45:00.288852 2021] [php7:error] [pid 30725] [client 85.17.88.170:52692] script '/home/aerflo/wp-login.php' not found or unable to stat
[Thu Oct 07 12:59:00.732220 2021] [core:error] [pid 29951] [client 45.146.164.110:49664] AH00126: Invalid URI in request POST /cgi-bin/.%2e/.%2e/.%2e/.%2e/bin/sh HTTP/1.1
[Thu Oct 07 12:59:02.435254 2021] [php7:error] [pid 7374] [client 45.146.164.110:37300] script '/home/aerflo/index.php' not found or unable to stat
[Thu Oct 07 15:57:06.199760 2021] [core:error] [pid 30724] [client 128.1.248.42:40122] AH00126: Invalid URI in request HEAD /icons/.%2e/%2e%2e/apache2/icons/sphere1.png HTTP/1.1
[Thu Oct 07 18:43:09.664311 2021] [php7:error] [pid 29951] [client 5.188.210.227:39464] script '/home/aerflo/echo.php' not found or unable to stat, referer: https://www.google.com/
[Fri Oct 08 07:25:08.338946 2021] [php7:error] [pid 5498] [client 23.228.109.147:20045] script '/home/aerflo/wp-login.php' not found or unable to stat
[Fri Oct 08 10:01:45.545123 2021] [core:error] [pid 7430] [client 128.14.134.170:49610] AH00126: Invalid URI in request HEAD /icons/.%2e/%2e%2e/apache2/icons/sphere1.png HTTP/1.1
[Fri Oct 08 12:08:23.770218 2021] [php7:error] [pid 5496] [client 162.214.121.146:52688] script '/home/aerflo/wp-login.php' not found or unable to stat
[Fri Oct 08 12:08:51.251205 2021] [php7:error] [pid 5495] [client 185.191.76.27:59076] script '/home/aerflo/wp-login.php' not found or unable to stat
[Fri Oct 08 12:08:51.579772 2021] [php7:error] [pid 5524] [client 185.191.76.27:59098] script '/home/aerflo/wp-login.php' not found or unable to stat
[Fri Oct 08 13:14:43.887712 2021] [php7:error] [pid 15294] [client 167.99.78.164:50096] script '/home/aerflo/wp-login.php' not found or unable to stat
[Fri Oct 08 14:27:51.414312 2021] [php7:error] [pid 15298] [client 80.253.246.70:57110] script '/home/aerflo/wp-login.php' not found or unable to stat
[Fri Oct 08 22:43:17.403434 2021] [php7:error] [pid 18593] [client 186.234.80.39:48216] script '/home/aerflo/wp-login.php' not found or unable to stat
[Fri Oct 08 23:36:08.626148 2021] [php7:error] [pid 15299] [client 217.160.192.177:60741] script '/home/aerflo/style.php' not found or unable to stat, referer: anonymousfox.co
[Fri Oct 08 23:36:11.145740 2021] [php7:error] [pid 25645] [client 217.160.192.177:64223] script '/home/aerflo/moduless.php' not found or unable to stat, referer: anonymousfox.co
[Fri Oct 08 23:36:15.521037 2021] [php7:error] [pid 15296] [client 217.160.192.177:60635] script '/home/aerflo/admin.php' not found or unable to stat, referer: anonymousfox.co
[Fri Oct 08 23:36:18.775888 2021] [php7:error] [pid 18575] [client 217.160.192.177:63270] script '/home/aerflo/index.php' not found or unable to stat, referer: anonymousfox.co
[Fri Oct 08 23:36:21.411242 2021] [php7:error] [pid 15285] [client 217.160.192.177:56882] script '/home/aerflo/boom.php' not found or unable to stat, referer: anonymousfox.co
[Fri Oct 08 23:36:30.473946 2021] [php7:error] [pid 15296] [client 217.160.192.177:56895] script '/home/aerflo/xmlrp.php' not found or unable to stat, referer: anonymousfox.co
[Fri Oct 08 23:36:33.122860 2021] [php7:error] [pid 25630] [client 217.160.192.177:63589] script '/home/aerflo/wpindex.php' not found or unable to stat, referer: anonymousfox.co
[Fri Oct 08 23:36:35.195558 2021] [php7:error] [pid 15285] [client 217.160.192.177:54892] script '/home/aerflo/larva.php' not found or unable to stat, referer: anonymousfox.co
[Fri Oct 08 23:36:37.281244 2021] [php7:error] [pid 15300] [client 217.160.192.177:63886] script '/home/aerflo/th3_err0r.php' not found or unable to stat, referer: anonymousfox.co
[Fri Oct 08 23:36:39.663335 2021] [php7:error] [pid 31857] [client 217.160.192.177:59765] script '/home/aerflo/alfindex.php' not found or unable to stat, referer: anonymousfox.co
[Fri Oct 08 23:36:41.569309 2021] [php7:error] [pid 15299] [client 217.160.192.177:58001] script '/home/aerflo/alfa.php' not found or unable to stat, referer: anonymousfox.co
[Fri Oct 08 23:36:43.989634 2021] [php7:error] [pid 23724] [client 217.160.192.177:61864] script '/home/aerflo/wp-booking.php' not found or unable to stat, referer: anonymousfox.co
[Fri Oct 08 23:36:45.850263 2021] [php7:error] [pid 18575] [client 217.160.192.177:57126] script '/home/aerflo/cindex.php' not found or unable to stat, referer: anonymousfox.co
[Fri Oct 08 23:36:51.519170 2021] [php7:error] [pid 15300] [client 217.160.192.177:53679] script '/home/aerflo/wp-1ogin_bak.php' not found or unable to stat, referer: anonymousfox.co
[Fri Oct 08 23:37:00.269267 2021] [php7:error] [pid 23724] [client 217.160.192.177:52981] script '/home/aerflo/old-index.php' not found or unable to stat, referer: anonymousfox.co
[Fri Oct 08 23:37:02.731132 2021] [php7:error] [pid 15296] [client 217.160.192.177:61685] script '/home/aerflo/config.bak.php' not found or unable to stat, referer: anonymousfox.co
[Fri Oct 08 23:37:27.543119 2021] [php7:error] [pid 15299] [client 217.160.192.177:57831] script '/home/aerflo/haders.php' not found or unable to stat, referer: anonymousfox.co
[Fri Oct 08 23:37:32.317093 2021] [php7:error] [pid 18575] [client 217.160.192.177:62422] script '/home/aerflo/legion.php' not found or unable to stat, referer: anonymousfox.co
[Fri Oct 08 23:37:41.771073 2021] [php7:error] [pid 23724] [client 217.160.192.177:52657] script '/home/aerflo/up.php' not found or unable to stat, referer: anonymousfox.co
[Fri Oct 08 23:37:44.224765 2021] [php7:error] [pid 15296] [client 217.160.192.177:62536] script '/home/aerflo/upload.php' not found or unable to stat, referer: anonymousfox.co
[Fri Oct 08 23:37:46.691234 2021] [php7:error] [pid 18575] [client 217.160.192.177:61682] script '/home/aerflo/config.php' not found or unable to stat, referer: anonymousfox.co
[Fri Oct 08 23:37:48.888982 2021] [php7:error] [pid 25630] [client 217.160.192.177:50465] script '/home/aerflo/test.php' not found or unable to stat, referer: anonymousfox.co
[Sat Oct 09 01:44:24.591314 2021] [php7:error] [pid 23724] [client 45.146.164.110:54184] script '/home/aerflo/index.php' not found or unable to stat
[Sat Oct 09 01:44:27.574339 2021] [core:error] [pid 25645] [client 45.146.164.110:37664] AH00126: Invalid URI in request POST /cgi-bin/.%2e/.%2e/.%2e/.%2e/bin/sh HTTP/1.1
[Sat Oct 09 15:49:30.058542 2021] [php7:error] [pid 13123] [client 45.146.164.110:46074] script '/home/aerflo/index.php' not found or unable to stat
[Sat Oct 09 15:49:31.821530 2021] [core:error] [pid 17093] [client 45.146.164.110:38032] AH00126: Invalid URI in request POST /cgi-bin/.%2e/.%2e/.%2e/.%2e/bin/sh HTTP/1.1
[Sun Oct 10 07:04:20.549693 2021] [php7:error] [pid 27026] [client 84.96.26.153:32944] script '/home/aerflo/wp-login.php' not found or unable to stat
[Sun Oct 10 07:09:15.331465 2021] [php7:error] [pid 27163] [client 203.171.21.225:33588] script '/home/aerflo/wp-login.php' not found or unable to stat
[Sun Oct 10 08:05:23.295745 2021] [php7:error] [pid 27025] [client 212.192.241.250:52635] script '/home/aerflo/xmlrpc.php' not found or unable to stat
[Sun Oct 10 10:47:34.686693 2021] [php7:error] [pid 27025] [client 143.198.41.92:59202] script '/home/aerflo/system_api.php' not found or unable to stat
[Sun Oct 10 12:10:10.080821 2021] [php7:error] [pid 27027] [client 45.146.164.110:38186] script '/home/aerflo/index.php' not found or unable to stat
[Sun Oct 10 12:10:11.077569 2021] [core:error] [pid 10566] [client 45.146.164.110:55758] AH00126: Invalid URI in request POST /cgi-bin/.%2e/.%2e/.%2e/.%2e/bin/sh HTTP/1.1
[Sun Oct 10 15:52:56.055010 2021] [php7:error] [pid 10568] [client 35.82.51.225:16972] script '/home/aerflo/header.php' not found or unable to stat
[Sun Oct 10 15:52:57.779972 2021] [php7:error] [pid 10576] [client 35.82.51.225:17994] script '/home/aerflo/login.php' not found or unable to stat
[Sun Oct 10 15:52:59.142405 2021] [php7:error] [pid 14914] [client 35.82.51.225:18588] script '/home/aerflo/index.php' not found or unable to stat
[Sun Oct 10 15:52:59.752188 2021] [php7:error] [pid 10576] [client 35.82.51.225:19040] script '/home/aerflo/header.php' not found or unable to stat
[Sun Oct 10 15:53:03.999995 2021] [core:error] [pid 10566] [client 35.82.51.225:21334] AH00135: Invalid method in request QPICYK / HTTP/1.1
[Sun Oct 10 15:53:06.718681 2021] [php7:error] [pid 10566] [client 35.82.51.225:22732] script '/home/aerflo/VOFZNyka9URn.php' not found or unable to stat
[Sun Oct 10 15:53:11.835234 2021] [core:error] [pid 10566] [client 35.82.51.225:24698] AH00135: Invalid method in request TRACK /Nessus737643475.html HTTP/1.1
[Sun Oct 10 15:53:17.926342 2021] [core:error] [pid 10566] [client 35.82.51.225:25672] AH00126: Invalid URI in request GET /../../../../../../../../../../../../windows/win.ini HTTP/1.1
[Sun Oct 10 15:53:18.011316 2021] [core:error] [pid 10577] [client 35.82.51.225:25680] AH00126: Invalid URI in request GET /../../../../../../../../../../../../winnt/win.ini HTTP/1.1
[Sun Oct 10 15:53:18.568235 2021] [php7:error] [pid 10579] [client 35.82.51.225:25782] script '/home/aerflo/main_internet.php' not found or unable to stat
[Sun Oct 10 15:53:19.327687 2021] [core:error] [pid 10568] [client 35.82.51.225:25916] AH00126: Invalid URI in request GET /%2e%2e/%2e%2e/%2e%2e/%2e%2e/%2e%2e/%2e%2e/%2e%2e/%2e%2e/%2e%2e/%2e%2e/%2e%2e/windows/win.ini HTTP/1.1
[Sun Oct 10 15:53:19.413125 2021] [core:error] [pid 10576] [client 35.82.51.225:25934] AH00126: Invalid URI in request GET /%2e%2e/%2e%2e/%2e%2e/%2e%2e/%2e%2e/%2e%2e/%2e%2e/%2e%2e/%2e%2e/%2e%2e/%2e%2e/winnt/win.ini HTTP/1.1
[Sun Oct 10 15:53:20.553408 2021] [core:error] [pid 10570] [client 35.82.51.225:26114] AH00126: Invalid URI in request GET /././././././../../../../../windows/win.ini HTTP/1.1
[Sun Oct 10 15:53:20.639243 2021] [core:error] [pid 10568] [client 35.82.51.225:26128] AH00126: Invalid URI in request GET /././././././../../../../../winnt/win.ini HTTP/1.1
[Sun Oct 10 15:53:22.105099 2021] [core:error] [pid 14914] [client 35.82.51.225:26402] AH00126: Invalid URI in request GET /../../../../../../../../../../../../etc/passwd HTTP/1.1
[Sun Oct 10 15:53:22.193471 2021] [core:error] [pid 10576] [client 35.82.51.225:26416] AH00126: Invalid URI in request GET /./../../../../../../../../../../../etc/passwd HTTP/1.1
[Sun Oct 10 15:53:22.278677 2021] [core:error] [pid 10570] [client 35.82.51.225:26432] AH00126: Invalid URI in request GET //../../../../../../../../../../../../etc/passwd HTTP/1.1
[Sun Oct 10 15:53:22.452404 2021] [core:error] [pid 10566] [client 35.82.51.225:26460] AH00126: Invalid URI in request GET /%2e%2e/%2e%2e/%2e%2e/%2e%2e/%2e%2e/%2e%2e/%2e%2e/%2e%2e/%2e%2e/%2e%2e/%2e%2e/%2e%2e/etc/passwd HTTP/1.1
[Sun Oct 10 15:53:22.799815 2021] [core:error] [pid 10570] [client 35.82.51.225:26502] AH00126: Invalid URI in request GET /././././././../../../../../etc/passwd HTTP/1.1
[Sun Oct 10 15:54:22.457929 2021] [authz_core:error] [pid 10577] [client 35.82.51.225:34042] AH01630: client denied by server configuration: /home/aerflo/server-status
[Sun Oct 10 15:54:41.134617 2021] [php7:error] [pid 14911] [client 35.82.51.225:35882] script '/home/aerflo/login.php' not found or unable to stat
[Sun Oct 10 15:54:53.431660 2021] [core:error] [pid 435] [client 35.82.51.225:37290] AH00135: Invalid method in request NESSUS / HTTP/1.0
[Sun Oct 10 15:54:54.994600 2021] [php7:error] [pid 14914] [client 35.82.51.225:37422] script '/home/aerflo/niet1750024184.php' not found or unable to stat
[Sun Oct 10 15:55:00.533094 2021] [core:error] [pid 10566] [client 35.82.51.225:38166] AH00126: Invalid URI in request GET /%2e%2e/%2e%2e/%2e%2e/%2e%2e/%2e%2e/%2e%2e/%2e%2e/etc/passwd HTTP/1.1
[Sun Oct 10 15:55:07.821655 2021] [php7:error] [pid 10570] [client 35.82.51.225:48972] script '/home/aerflo/default.php' not found or unable to stat
[Sun Oct 10 15:55:14.682035 2021] [php7:error] [pid 10566] [client 35.82.51.225:60910] script '/home/aerflo/o64sar4p.php' not found or unable to stat
[Sun Oct 10 15:55:14.725525 2021] [php7:error] [pid 10566] [client 35.82.51.225:60910] script '/home/aerflo/o64sar4p.php' not found or unable to stat
[Sun Oct 10 15:55:23.320924 2021] [php7:error] [pid 435] [client 35.82.51.225:65232] script '/home/aerflo/forum.php' not found or unable to stat
[Sun Oct 10 15:55:24.760763 2021] [php7:error] [pid 435] [client 35.82.51.225:2276] script '/home/aerflo/header.php' not found or unable to stat
[Sun Oct 10 15:55:25.060272 2021] [authz_core:error] [pid 10566] [client 35.82.51.225:2408] AH01630: client denied by server configuration: /home/aerflo/.htaccess.old
[Sun Oct 10 15:55:25.104321 2021] [authz_core:error] [pid 10566] [client 35.82.51.225:2408] AH01630: client denied by server configuration: /home/aerflo/.htaccess.bak
[Sun Oct 10 15:55:25.148447 2021] [authz_core:error] [pid 10566] [client 35.82.51.225:2408] AH01630: client denied by server configuration: /home/aerflo/.htaccess~
[Sun Oct 10 15:55:25.192649 2021] [authz_core:error] [pid 10566] [client 35.82.51.225:2408] AH01630: client denied by server configuration: /home/aerflo/.htaccess.copy
[Sun Oct 10 15:55:25.236629 2021] [authz_core:error] [pid 10566] [client 35.82.51.225:2408] AH01630: client denied by server configuration: /home/aerflo/.htaccess.tmp
[Sun Oct 10 15:55:25.366695 2021] [authz_core:error] [pid 10576] [client 35.82.51.225:2504] AH01630: client denied by server configuration: /home/aerflo/.htaccess.1
[Sun Oct 10 15:55:25.410366 2021] [authz_core:error] [pid 10576] [client 35.82.51.225:2504] AH01630: client denied by server configuration: /home/aerflo/.htaccess.~1~
[Sun Oct 10 15:55:27.956793 2021] [php7:error] [pid 10568] [client 35.82.51.225:3546] script '/home/aerflo/login.php' not found or unable to stat
[Sun Oct 10 15:55:29.441882 2021] [authz_core:error] [pid 10568] [client 35.82.51.225:4186] AH01630: client denied by server configuration: /home/aerflo/server-status
[Sun Oct 10 15:55:29.996926 2021] [authz_core:error] [pid 14914] [client 35.82.51.225:4414] AH01630: client denied by server configuration: /home/aerflo/.htaccess
[Sun Oct 10 15:55:30.041547 2021] [authz_core:error] [pid 14914] [client 35.82.51.225:4414] AH01630: client denied by server configuration: /home/aerflo/.htpasswd
[Sun Oct 10 15:55:35.181153 2021] [core:error] [pid 10570] [client 35.82.51.225:6474] AH00126: Invalid URI in request GET /cgi-bin/.%2e/.%2e/.%2e/.%2e/.%2e/.%2e/.%2e/.%2e/.%2e/.%2e/etc/passwd HTTP/1.1
[Sun Oct 10 15:55:35.996793 2021] [php7:error] [pid 10579] [client 35.82.51.225:6834] script '/home/aerflo/internalServerReporting.php' not found or unable to stat
[Sun Oct 10 15:55:39.007826 2021] [php7:error] [pid 10566] [client 35.82.51.225:8114] script '/home/aerflo/index.php' not found or unable to stat
[Sun Oct 10 15:55:40.298743 2021] [php7:error] [pid 435] [client 35.82.51.225:9258] script '/home/aerflo/enter.php' not found or unable to stat
[Sun Oct 10 15:55:44.142242 2021] [core:error] [pid 14911] [client 35.82.51.225:15844] AH00126: Invalid URI in request GET /././.. HTTP/1.1
[Sun Oct 10 15:55:54.424822 2021] [php7:error] [pid 14914] [client 35.82.51.225:39822] script '/home/aerflo/wp-login.php' not found or unable to stat
[Sun Oct 10 15:55:54.467164 2021] [php7:error] [pid 10568] [client 35.82.51.225:40310] script '/home/aerflo/wp-login.php' not found or unable to stat
[Sun Oct 10 17:18:43.914102 2021] [php7:error] [pid 10566] [client 190.119.185.250:60641] script '/home/aerflo/xmlrpc.php' not found or unable to stat
[Sun Oct 10 17:18:44.888696 2021] [php7:error] [pid 27318] [client 190.119.185.250:50635] script '/home/aerflo/xmlrpc.php' not found or unable to stat
[Sun Oct 10 17:18:44.903251 2021] [php7:error] [pid 10577] [client 190.119.185.250:50809] script '/home/aerflo/xmlrpc.php' not found or unable to stat
[Sun Oct 10 17:18:44.981043 2021] [php7:error] [pid 30962] [client 190.119.185.250:51455] script '/home/aerflo/xmlrpc.php' not found or unable to stat
[Sun Oct 10 17:18:45.602718 2021] [php7:error] [pid 27027] [client 190.119.185.250:52211] script '/home/aerflo/xmlrpc.php' not found or unable to stat
[Sun Oct 10 17:18:46.652835 2021] [php7:error] [pid 30965] [client 190.119.185.250:56745] script '/home/aerflo/xmlrpc.php' not found or unable to stat
[Sun Oct 10 17:18:47.458381 2021] [php7:error] [pid 30974] [client 190.119.185.250:64306] script '/home/aerflo/xmlrpc.php' not found or unable to stat
[Sun Oct 10 17:49:52.416715 2021] [php7:error] [pid 30989] [client 42.194.173.36:62636] script '/home/aerflo/xmlrpc.php' not found or unable to stat
[Sun Oct 10 19:07:05.270765 2021] [php7:error] [pid 30970] [client 23.228.109.147:17063] script '/home/aerflo/wp-links-opml.php' not found or unable to stat
[Mon Oct 11 10:18:35.266765 2021] [php7:error] [pid 26742] [client 45.119.213.225:36756] script '/home/aerflo/wp-login.php' not found or unable to stat
[Mon Oct 11 10:29:52.141101 2021] [php7:error] [pid 26012] [client 45.146.164.110:54852] script '/home/aerflo/index.php' not found or unable to stat
[Mon Oct 11 10:29:55.852863 2021] [core:error] [pid 26034] [client 45.146.164.110:53658] AH00126: Invalid URI in request POST /cgi-bin/.%2e/.%2e/.%2e/.%2e/bin/sh HTTP/1.1
[Mon Oct 11 13:52:51.305417 2021] [php7:error] [pid 26742] [client 77.68.17.32:47252] script '/home/aerflo/wp-login.php' not found or unable to stat
[Mon Oct 11 18:45:54.527143 2021] [php7:error] [pid 4324] [client 213.136.94.188:51258] script '/home/aerflo/wp-login.php' not found or unable to stat
[Tue Oct 12 03:15:24.631592 2021] [php7:error] [pid 26034] [client 45.146.164.110:48596] script '/home/aerflo/index.php' not found or unable to stat
[Tue Oct 12 03:15:28.956868 2021] [core:error] [pid 26598] [client 45.146.164.110:32990] AH00126: Invalid URI in request POST /cgi-bin/.%2e/.%2e/.%2e/.%2e/bin/sh HTTP/1.1
[Tue Oct 12 07:39:28.234818 2021] [core:error] [pid 2908] [client 192.53.170.163:40144] AH00126: Invalid URI in request HEAD /icons/.%2e/%2e%2e/apache2/icons/sphere1.png HTTP/1.1
[Tue Oct 12 14:31:34.159214 2021] [php7:error] [pid 3557] [client 20.51.253.83:53992] script '/home/aerflo/x.php' not found or unable to stat
[Tue Oct 12 14:31:34.261325 2021] [php7:error] [pid 3557] [client 20.51.253.83:53992] script '/home/aerflo/wso.php' not found or unable to stat
[Tue Oct 12 14:31:34.329639 2021] [php7:error] [pid 3557] [client 20.51.253.83:53992] script '/home/aerflo/srx.php' not found or unable to stat
[Tue Oct 12 14:31:34.438951 2021] [php7:error] [pid 3557] [client 20.51.253.83:53992] script '/home/aerflo/1337.php' not found or unable to stat
[Tue Oct 12 14:31:34.503766 2021] [php7:error] [pid 3557] [client 20.51.253.83:53992] script '/home/aerflo/xx.php' not found or unable to stat
[Tue Oct 12 14:31:34.568825 2021] [php7:error] [pid 3557] [client 20.51.253.83:53992] script '/home/aerflo/XxX.php' not found or unable to stat
[Tue Oct 12 14:31:34.642293 2021] [php7:error] [pid 3557] [client 20.51.253.83:53992] script '/home/aerflo/leaf.php' not found or unable to stat
[Tue Oct 12 14:31:34.715455 2021] [php7:error] [pid 3557] [client 20.51.253.83:53992] script '/home/aerflo/leafmailer2.8.php' not found or unable to stat
[Tue Oct 12 14:31:34.780835 2021] [php7:error] [pid 3557] [client 20.51.253.83:53992] script '/home/aerflo/bb.php' not found or unable to stat
[Tue Oct 12 14:31:34.859929 2021] [php7:error] [pid 3557] [client 20.51.253.83:53992] script '/home/aerflo/m.php' not found or unable to stat
[Tue Oct 12 14:31:34.982544 2021] [php7:error] [pid 3557] [client 20.51.253.83:53992] script '/home/aerflo/Lux.php' not found or unable to stat
[Tue Oct 12 14:31:35.049528 2021] [php7:error] [pid 3557] [client 20.51.253.83:53992] script '/home/aerflo/haxor.php' not found or unable to stat
[Tue Oct 12 14:31:35.126258 2021] [php7:error] [pid 3557] [client 20.51.253.83:53992] script '/home/aerflo/shell.php' not found or unable to stat
[Tue Oct 12 14:31:35.213073 2021] [php7:error] [pid 3557] [client 20.51.253.83:53992] script '/home/aerflo/1001.php' not found or unable to stat
[Tue Oct 12 14:31:35.284454 2021] [php7:error] [pid 3557] [client 20.51.253.83:53992] script '/home/aerflo/love.php' not found or unable to stat
[Tue Oct 12 14:31:35.352309 2021] [php7:error] [pid 3557] [client 20.51.253.83:53992] script '/home/aerflo/lelix.php' not found or unable to stat
[Tue Oct 12 14:31:35.420862 2021] [php7:error] [pid 3557] [client 20.51.253.83:53992] script '/home/aerflo/anonymous.php' not found or unable to stat
[Tue Oct 12 14:31:35.550846 2021] [php7:error] [pid 3557] [client 20.51.253.83:53992] script '/home/aerflo/mini.php' not found or unable to stat
[Tue Oct 12 15:19:31.556029 2021] [php7:error] [pid 10428] [client 190.119.185.250:58522] script '/home/aerflo/xmlrpc.php' not found or unable to stat
[Tue Oct 12 15:19:33.941527 2021] [php7:error] [pid 18110] [client 190.119.185.250:60757] script '/home/aerflo/xmlrpc.php' not found or unable to stat
[Tue Oct 12 15:19:34.000995 2021] [php7:error] [pid 6319] [client 190.119.185.250:60871] script '/home/aerflo/xmlrpc.php' not found or unable to stat
[Tue Oct 12 15:19:34.008841 2021] [php7:error] [pid 18112] [client 190.119.185.250:60891] script '/home/aerflo/xmlrpc.php' not found or unable to stat
[Tue Oct 12 15:19:34.735559 2021] [php7:error] [pid 6322] [client 190.119.185.250:61566] script '/home/aerflo/xmlrpc.php' not found or unable to stat
[Tue Oct 12 15:19:34.971874 2021] [php7:error] [pid 18831] [client 190.119.185.250:60952] script '/home/aerflo/xmlrpc.php' not found or unable to stat
[Tue Oct 12 15:19:36.302902 2021] [php7:error] [pid 18832] [client 190.119.185.250:63403] script '/home/aerflo/xmlrpc.php' not found or unable to stat
[Tue Oct 12 22:01:04.235161 2021] [php7:error] [pid 18112] [client 45.146.164.110:33174] script '/home/aerflo/index.php' not found or unable to stat
[Tue Oct 12 22:01:05.562895 2021] [core:error] [pid 19005] [client 45.146.164.110:53284] AH00126: Invalid URI in request POST /cgi-bin/.%2e/.%2e/.%2e/.%2e/bin/sh HTTP/1.1
[Wed Oct 13 02:23:53.390502 2021] [core:error] [pid 18110] [client 185.180.143.136:55500] AH00126: Invalid URI in request HEAD /icons/.%2e/%2e%2e/apache2/icons/sphere1.png HTTP/1.1
[Wed Oct 13 02:42:23.269781 2021] [php7:error] [pid 19005] [client 137.184.41.68:58262] script '/home/aerflo/wp-login.php' not found or unable to stat
[Wed Oct 13 04:16:56.366196 2021] [php7:error] [pid 10428] [client 42.193.193.231:40948] script '/home/aerflo/xmlrpc.php' not found or unable to stat
[Wed Oct 13 06:10:33.747239 2021] [php7:error] [pid 18112] [client 103.147.251.2:48858] script '/home/aerflo/wp-login.php' not found or unable to stat
[Wed Oct 13 17:13:43.875826 2021] [php7:error] [pid 28131] [client 45.146.164.110:59434] script '/home/aerflo/index.php' not found or unable to stat
[Wed Oct 13 17:13:45.606750 2021] [core:error] [pid 21298] [client 45.146.164.110:45044] AH00126: Invalid URI in request POST /cgi-bin/.%2e/.%2e/.%2e/.%2e/bin/sh HTTP/1.1
[Wed Oct 13 20:02:25.758614 2021] [php7:error] [pid 28647] [client 14.52.103.184:19783] script '/home/aerflo/wp-login.php' not found or unable to stat, referer: http://plur.us/wp-login.php
[Wed Oct 13 20:02:34.503873 2021] [php7:error] [pid 21358] [client 14.52.103.184:54340] script '/home/aerflo/admin.php' not found or unable to stat, referer: http://plur.us/admin.php
[Wed Oct 13 21:03:39.510905 2021] [php7:error] [pid 21341] [client 186.64.116.20:51998] script '/home/aerflo/wp-login.php' not found or unable to stat
[Wed Oct 13 21:03:39.532320 2021] [php7:error] [pid 21298] [client 186.64.116.20:51996] script '/home/aerflo/wp-login.php' not found or unable to stat
[Thu Oct 14 00:08:18.388525 2021] [php7:error] [pid 6222] [client 161.35.74.104:47750] script '/home/aerflo/wp-login.php' not found or unable to stat
[Thu Oct 14 04:46:35.142574 2021] [php7:error] [pid 21358] [client 165.227.129.197:36312] script '/home/aerflo/wp-login.php' not found or unable to stat
[Thu Oct 14 06:19:20.350880 2021] [php7:error] [pid 6222] [client 138.197.104.238:36934] script '/home/aerflo/system_api.php' not found or unable to stat
[Thu Oct 14 09:42:59.784858 2021] [php7:error] [pid 23412] [client 45.146.164.110:42034] script '/home/aerflo/index.php' not found or unable to stat
[Thu Oct 14 09:43:02.148135 2021] [core:error] [pid 23412] [client 45.146.164.110:45588] AH00126: Invalid URI in request POST /cgi-bin/.%2e/.%2e/.%2e/.%2e/bin/sh HTTP/1.1
[Thu Oct 14 14:41:25.767419 2021] [php7:error] [pid 29739] [client 182.93.78.13:59512] script '/home/aerflo/wp-login.php' not found or unable to stat
[Thu Oct 14 15:14:05.596565 2021] [core:error] [pid 24198] [client 192.53.170.163:35874] AH00126: Invalid URI in request HEAD /icons/.%2e/%2e%2e/apache2/icons/sphere1.png HTTP/1.1
[Fri Oct 15 09:03:56.308433 2021] [php7:error] [pid 25195] [client 45.146.164.110:53818] script '/home/aerflo/index.php' not found or unable to stat
[Fri Oct 15 09:03:59.595711 2021] [core:error] [pid 25195] [client 45.146.164.110:46678] AH00126: Invalid URI in request POST /cgi-bin/.%2e/.%2e/.%2e/.%2e/bin/sh HTTP/1.1
[Fri Oct 15 13:07:37.113059 2021] [php7:error] [pid 25199] [client 23.228.109.147:19022] script '/home/aerflo/index.php' not found or unable to stat
[Fri Oct 15 15:30:56.707617 2021] [php7:error] [pid 25195] [client 8.131.70.186:51694] script '/home/aerflo/wp-login.php' not found or unable to stat
[Fri Oct 15 22:55:16.751791 2021] [php7:error] [pid 2850] [client 5.188.210.227:50484] script '/home/aerflo/echo.php' not found or unable to stat, referer: https://www.google.com/
[Sat Oct 16 03:17:41.746217 2021] [php7:error] [pid 25195] [client 45.146.164.110:45682] script '/home/aerflo/index.php' not found or unable to stat
[Sat Oct 16 03:17:44.964224 2021] [core:error] [pid 25198] [client 45.146.164.110:58786] AH00126: Invalid URI in request POST /cgi-bin/.%2e/.%2e/.%2e/.%2e/bin/sh HTTP/1.1
[Sat Oct 16 19:14:05.630331 2021] [php7:error] [pid 2399] [client 45.146.164.110:44586] script '/home/aerflo/index.php' not found or unable to stat
[Sat Oct 16 19:14:06.705017 2021] [core:error] [pid 18783] [client 45.146.164.110:34366] AH00126: Invalid URI in request POST /cgi-bin/.%2e/.%2e/.%2e/.%2e/bin/sh HTTP/1.1
[Sun Oct 17 01:02:55.281831 2021] [php7:error] [pid 32182] [client 54.252.67.12:63476] script '/home/aerflo/xmlrpc.php' not found or unable to stat
[Sun Oct 17 01:52:00.577098 2021] [php7:error] [pid 18782] [client 186.64.116.135:34364] script '/home/aerflo/wp-login.php' not found or unable to stat
[Sun Oct 17 05:46:24.139487 2021] [php7:error] [pid 32182] [client 54.252.67.12:55771] script '/home/aerflo/xmlrpc.php' not found or unable to stat
[Sun Oct 17 06:50:56.892315 2021] [php7:error] [pid 4610] [client 54.252.67.12:63219] script '/home/aerflo/xmlrpc.php' not found or unable to stat
[Sun Oct 17 08:05:07.305071 2021] [php7:error] [pid 4609] [client 54.252.67.12:50009] script '/home/aerflo/xmlrpc.php' not found or unable to stat
[Sun Oct 17 15:03:13.745215 2021] [php7:error] [pid 4607] [client 45.146.164.110:41086] script '/home/aerflo/index.php' not found or unable to stat
[Sun Oct 17 15:03:15.378767 2021] [core:error] [pid 4607] [client 45.146.164.110:43280] AH00126: Invalid URI in request POST /cgi-bin/.%2e/.%2e/.%2e/.%2e/bin/sh HTTP/1.1
[Mon Oct 18 05:01:00.637574 2021] [php7:error] [pid 19404] [client 163.172.20.135:56264] script '/home/aerflo/wp-login.php' not found or unable to stat
[Mon Oct 18 06:03:16.380690 2021] [php7:error] [pid 24567] [client 141.85.216.231:43566] script '/home/aerflo/wp-login.php' not found or unable to stat
[Mon Oct 18 10:28:54.041941 2021] [core:error] [pid 30784] [client 45.146.164.110:34218] AH00126: Invalid URI in request POST /cgi-bin/.%2e/.%2e/.%2e/.%2e/bin/sh HTTP/1.1
[Mon Oct 18 10:28:55.398828 2021] [php7:error] [pid 27663] [client 45.146.164.110:45510] script '/home/aerflo/index.php' not found or unable to stat
[Mon Oct 18 13:20:12.602099 2021] [php7:error] [pid 30784] [client 158.69.241.227:46584] script '/home/aerflo/wp-login.php' not found or unable to stat, referer: http://plur.us
[Mon Oct 18 15:23:25.212189 2021] [core:error] [pid 22546] [client 128.14.141.34:43360] AH00126: Invalid URI in request HEAD /icons/.%2e/%2e%2e/apache2/icons/sphere1.png HTTP/1.1
[Mon Oct 18 15:55:45.862734 2021] [php7:error] [pid 22285] [client 52.89.39.4:64079] script '/home/aerflo/wso.php' not found or unable to stat
[Mon Oct 18 15:55:47.309166 2021] [php7:error] [pid 22003] [client 52.89.39.4:64392] script '/home/aerflo/olux.php' not found or unable to stat
[Mon Oct 18 15:55:47.519408 2021] [php7:error] [pid 27662] [client 52.89.39.4:64424] script '/home/aerflo/indoxploit.php' not found or unable to stat
[Mon Oct 18 15:55:47.913013 2021] [php7:error] [pid 16412] [client 52.89.39.4:64505] script '/home/aerflo/up.php' not found or unable to stat
[Mon Oct 18 15:55:48.093415 2021] [php7:error] [pid 22001] [client 52.89.39.4:64517] script '/home/aerflo/upload.php' not found or unable to stat
[Mon Oct 18 15:55:48.562758 2021] [php7:error] [pid 27663] [client 52.89.39.4:64576] script '/home/aerflo/shell.php' not found or unable to stat
[Mon Oct 18 15:55:49.006466 2021] [php7:error] [pid 22285] [client 52.89.39.4:64631] script '/home/aerflo/wp-info.php' not found or unable to stat
[Mon Oct 18 15:55:49.381227 2021] [php7:error] [pid 22001] [client 52.89.39.4:64717] script '/home/aerflo/upel.php' not found or unable to stat
[Mon Oct 18 15:55:49.978192 2021] [php7:error] [pid 27663] [client 52.89.39.4:64796] script '/home/aerflo/098.php' not found or unable to stat
[Mon Oct 18 15:55:50.106871 2021] [php7:error] [pid 22003] [client 52.89.39.4:64813] script '/home/aerflo/V5.php' not found or unable to stat
[Mon Oct 18 15:55:50.261291 2021] [php7:error] [pid 27662] [client 52.89.39.4:64829] script '/home/aerflo/new_license.php' not found or unable to stat
[Mon Oct 18 15:55:51.142845 2021] [php7:error] [pid 22001] [client 52.89.39.4:65010] script '/home/aerflo/wso.php' not found or unable to stat
[Mon Oct 18 15:55:52.993060 2021] [php7:error] [pid 22001] [client 52.89.39.4:65355] script '/home/aerflo/XxX.php' not found or unable to stat
[Mon Oct 18 15:55:53.391228 2021] [php7:error] [pid 16412] [client 52.89.39.4:65409] script '/home/aerflo/Marvins.php' not found or unable to stat
[Mon Oct 18 15:55:54.381297 2021] [php7:error] [pid 22546] [client 52.89.39.4:49173] script '/home/aerflo/rxr.php' not found or unable to stat
[Mon Oct 18 15:55:55.330358 2021] [php7:error] [pid 22002] [client 52.89.39.4:49314] script '/home/aerflo/olux.php' not found or unable to stat
[Mon Oct 18 15:55:56.078074 2021] [php7:error] [pid 27663] [client 52.89.39.4:49377] script '/home/aerflo/indoxploit.php' not found or unable to stat
[Mon Oct 18 15:55:57.167079 2021] [php7:error] [pid 22285] [client 52.89.39.4:49511] script '/home/aerflo/error.php' not found or unable to stat
[Mon Oct 18 15:55:57.353920 2021] [php7:error] [pid 27769] [client 52.89.39.4:49559] script '/home/aerflo/RxR.php' not found or unable to stat
