[Wed May 04 17:00:55.543173 2022] [php7:error] [pid 16855] [client 178.128.51.162:44364] script '/home/aerflo/wp-login.php' not found or unable to stat
[Wed May 04 19:27:44.068343 2022] [php7:error] [pid 22362] [client 5.188.210.227:46531] script '/home/aerflo/echo.php' not found or unable to stat, referer: https://www.google.com/
[Wed May 04 19:45:30.286248 2022] [php7:error] [pid 17393] [client 68.183.35.252:47760] script '/home/aerflo/system_api.php' not found or unable to stat
[Wed May 04 20:03:48.762472 2022] [php7:error] [pid 17459] [client 213.226.123.30:34666] script '/home/aerflo/index.php' not found or unable to stat
[Thu May 05 08:51:34.373912 2022] [php7:error] [pid 20985] [client 128.199.108.205:42078] script '/home/aerflo/wp-login.php' not found or unable to stat
[Thu May 05 10:19:16.948322 2022] [php7:error] [pid 26841] [client 130.162.169.44:47484] script '/home/aerflo/phpinfo.php' not found or unable to stat
[Thu May 05 10:19:39.182933 2022] [php7:error] [pid 26839] [client 130.162.169.44:47674] script '/home/aerflo/info.php' not found or unable to stat
[Thu May 05 13:15:07.362742 2022] [php7:error] [pid 26846] [client 80.82.78.39:51978] script '/home/aerflo/registrauser.php' not found or unable to stat
[Thu May 05 17:14:54.408681 2022] [php7:error] [pid 2443] [client 213.226.123.30:45918] script '/home/aerflo/index.php' not found or unable to stat
[Fri May 06 10:28:01.867085 2022] [php7:error] [pid 5061] [client 80.82.78.39:35514] script '/home/aerflo/registrauser.php' not found or unable to stat
[Fri May 06 11:15:49.737422 2022] [php7:error] [pid 4894] [client 173.201.182.15:12305] script '/home/aerflo/style.php' not found or unable to stat
[Fri May 06 11:16:08.798383 2022] [php7:error] [pid 4897] [client 198.54.126.2:57628] script '/home/aerflo/style.php' not found or unable to stat
[Fri May 06 11:16:26.930367 2022] [php7:error] [pid 5113] [client 186.103.181.110:60620] script '/home/aerflo/style.php' not found or unable to stat
[Fri May 06 11:16:55.484808 2022] [php7:error] [pid 4893] [client 91.109.206.174:47632] script '/home/aerflo/style.php' not found or unable to stat
[Fri May 06 11:16:58.100065 2022] [php7:error] [pid 5113] [client 37.59.47.127:49420] script '/home/aerflo/style.php' not found or unable to stat
[Fri May 06 11:20:12.758595 2022] [php7:error] [pid 5816] [client 81.83.12.119:40094] script '/home/aerflo/style.php' not found or unable to stat
[Fri May 06 16:19:27.328840 2022] [php7:error] [pid 22918] [client 88.208.209.101:42000] script '/home/aerflo/wp-login.php' not found or unable to stat
[Sat May 07 11:27:24.066544 2022] [php7:error] [pid 22160] [client 185.83.144.103:37056] script '/home/aerflo/php_info.php' not found or unable to stat
[Sat May 07 14:32:44.437147 2022] [php7:error] [pid 22162] [client 45.9.20.101:38678] script '/home/aerflo/index.php' not found or unable to stat
[Sat May 07 14:34:40.727624 2022] [php7:error] [pid 22466] [client 41.93.82.7:46804] script '/home/aerflo/wp-login.php' not found or unable to stat
[Sat May 07 15:10:18.085341 2022] [php7:error] [pid 4860] [client 185.83.147.207:43677] script '/home/aerflo/pinfo.php' not found or unable to stat
[Sat May 07 21:33:20.186424 2022] [php7:error] [pid 22160] [client 88.214.43.118:52740] script '/home/aerflo/infophp.php' not found or unable to stat
[Sat May 07 23:02:17.117244 2022] [php7:error] [pid 2306] [client 185.174.28.74:39886] script '/home/aerflo/test.php' not found or unable to stat
[Sun May 08 00:12:22.721475 2022] [php7:error] [pid 25493] [client 185.83.147.245:50102] script '/home/aerflo/admin_phpinfo.php' not found or unable to stat
[Sun May 08 00:48:54.304263 2022] [php7:error] [pid 2306] [client 185.83.147.50:46262] script '/home/aerflo/linusadmin-phpinfo.php' not found or unable to stat
[Sun May 08 01:59:38.085920 2022] [php7:error] [pid 24525] [client 128.199.210.59:48428] script '/home/aerflo/wp-login.php' not found or unable to stat, referer: http://icecast.sheer.us
[Sun May 08 02:25:14.361581 2022] [php7:error] [pid 24521] [client 89.252.177.18:59148] script '/home/aerflo/i.php' not found or unable to stat
[Sun May 08 04:48:30.294463 2022] [php7:error] [pid 576] [client 45.9.20.101:33094] script '/home/aerflo/index.php' not found or unable to stat
[Sun May 08 09:04:53.969169 2022] [core:error] [pid 8088] [client 45.9.20.101:48800] AH00126: Invalid URI in request POST /cgi-bin/.%2e/.%2e/.%2e/.%2e/bin/sh HTTP/1.1
[Sun May 08 16:07:26.277019 2022] [php7:error] [pid 10274] [client 212.102.61.131:20722] script '/home/aerflo/test6956.php' not found or unable to stat
[Mon May 09 00:49:40.055613 2022] [php7:error] [pid 14140] [client 185.83.145.138:51820] script '/home/aerflo/phpversion.php' not found or unable to stat
[Mon May 09 00:55:09.994776 2022] [php7:error] [pid 12001] [client 185.224.137.216:42490] script '/home/aerflo/style.php' not found or unable to stat
[Mon May 09 00:59:29.839258 2022] [php7:error] [pid 8280] [client 185.174.28.82:60710] script '/home/aerflo/time.php' not found or unable to stat
[Mon May 09 01:07:35.193397 2022] [php7:error] [pid 12008] [client 45.9.20.101:45342] script '/home/aerflo/index.php' not found or unable to stat
[Mon May 09 02:01:10.927810 2022] [php7:error] [pid 392] [client 37.9.13.206:54306] script '/home/aerflo/wp-login.php' not found or unable to stat
[Mon May 09 03:58:26.598546 2022] [php7:error] [pid 8280] [client 31.210.20.64:50780] script '/home/aerflo/wp-plain.php' not found or unable to stat, referer: www.google.com
[Mon May 09 03:58:34.198228 2022] [php7:error] [pid 10274] [client 31.210.20.64:56979] script '/home/aerflo/tmpozdez.php' not found or unable to stat, referer: www.google.com
[Mon May 09 05:13:34.279703 2022] [core:error] [pid 12008] [client 45.9.20.101:40768] AH00126: Invalid URI in request POST /cgi-bin/.%2e/.%2e/.%2e/.%2e/bin/sh HTTP/1.1
[Mon May 09 11:26:32.745431 2022] [php7:error] [pid 1555] [client 141.136.43.64:51882] script '/home/aerflo/style.php' not found or unable to stat
[Mon May 09 11:26:51.578143 2022] [php7:error] [pid 25280] [client 46.17.172.105:18506] script '/home/aerflo/style.php' not found or unable to stat
[Mon May 09 11:27:08.379636 2022] [php7:error] [pid 25245] [client 162.144.181.23:26588] script '/home/aerflo/style.php' not found or unable to stat
[Mon May 09 11:27:08.571592 2022] [php7:error] [pid 31252] [client 151.106.116.182:46158] script '/home/aerflo/style.php' not found or unable to stat
[Mon May 09 11:27:21.914641 2022] [php7:error] [pid 1555] [client 217.21.84.163:56614] script '/home/aerflo/style.php' not found or unable to stat
[Mon May 09 11:32:22.679990 2022] [php7:error] [pid 31253] [client 51.68.181.93:47500] script '/home/aerflo/style.php' not found or unable to stat
[Mon May 09 14:36:02.180111 2022] [php7:error] [pid 7294] [client 51.142.137.6:36520] script '/home/aerflo/phpinfo.php' not found or unable to stat
[Mon May 09 14:36:03.232124 2022] [php7:error] [pid 7593] [client 51.142.137.6:36532] script '/home/aerflo/info.php' not found or unable to stat
[Mon May 09 22:27:42.234833 2022] [php7:error] [pid 7301] [client 45.9.20.101:53110] script '/home/aerflo/index.php' not found or unable to stat
[Tue May 10 03:40:23.050047 2022] [core:error] [pid 27754] [client 45.9.20.101:45702] AH00126: Invalid URI in request POST /cgi-bin/.%2e/.%2e/.%2e/.%2e/bin/sh HTTP/1.1
[Tue May 10 06:31:10.392551 2022] [php7:error] [pid 9293] [client 211.205.155.42:36078] script '/home/aerflo/wp-login.php' not found or unable to stat, referer: http://ns2.sheer.us
[Tue May 10 06:31:10.426696 2022] [php7:error] [pid 9262] [client 211.205.155.42:36080] script '/home/aerflo/wp-login.php' not found or unable to stat, referer: http://ns2.sheer.org
[Tue May 10 14:29:01.029344 2022] [authz_core:error] [pid 9261] [client 172.104.159.48:39690] AH01630: client denied by server configuration: /home/aerflo/server-status
[Tue May 10 16:18:43.895928 2022] [php7:error] [pid 27985] [client 74.201.72.172:59853] script '/home/aerflo/wsu.php' not found or unable to stat
[Tue May 10 16:21:19.933491 2022] [php7:error] [pid 27985] [client 74.201.72.172:61470] script '/home/aerflo/wsu.php' not found or unable to stat
[Tue May 10 17:40:59.790031 2022] [php7:error] [pid 28118] [client 217.196.24.199:44674] script '/home/aerflo/elrekt.php' not found or unable to stat
[Tue May 10 17:41:00.217702 2022] [php7:error] [pid 28072] [client 217.196.24.199:54720] script '/home/aerflo/index.php' not found or unable to stat
[Tue May 10 18:45:43.676274 2022] [php7:error] [pid 27999] [client 67.205.31.50:49098] script '/home/aerflo/wp-login.php' not found or unable to stat
[Tue May 10 22:16:21.697259 2022] [core:error] [pid 1054] [client 31.44.185.235:45168] AH00126: Invalid URI in request GET /../../../mnt/mtd/Config/Account1 HTTP/1.1
[Wed May 11 00:17:20.842778 2022] [php7:error] [pid 2335] [client 183.56.194.81:50901] script '/home/aerflo/wp-login.php' not found or unable to stat
[Wed May 11 04:36:40.429714 2022] [php7:error] [pid 11721] [client 45.9.20.101:35332] script '/home/aerflo/index.php' not found or unable to stat
[Wed May 11 07:02:44.763360 2022] [php7:error] [pid 30594] [client 45.144.112.133:48028] script '/home/aerflo/api.php' not found or unable to stat
[Wed May 11 08:10:06.843348 2022] [php7:error] [pid 30562] [client 178.159.11.18:53190] script '/home/aerflo/api.php' not found or unable to stat
[Wed May 11 08:25:59.585263 2022] [php7:error] [pid 30564] [client 212.33.195.96:60314] script '/home/aerflo/xmlrpc.php' not found or unable to stat
[Wed May 11 08:26:01.327752 2022] [php7:error] [pid 30562] [client 212.33.195.96:60330] script '/home/aerflo/wp-login.php' not found or unable to stat
[Wed May 11 09:20:41.952075 2022] [php7:error] [pid 1446] [client 65.108.104.19:56790] script '/home/aerflo/wp-plain.php' not found or unable to stat, referer: www.google.com
[Wed May 11 09:20:43.326386 2022] [php7:error] [pid 30564] [client 65.108.104.19:65084] script '/home/aerflo/nmeukjmq.php' not found or unable to stat, referer: www.google.com
[Wed May 11 09:31:39.341215 2022] [php7:error] [pid 30565] [client 65.108.104.19:49767] script '/home/aerflo/wp-plain.php' not found or unable to stat, referer: www.google.com
[Wed May 11 09:31:43.411249 2022] [php7:error] [pid 4390] [client 65.108.104.19:50214] script '/home/aerflo/lpkutjnk.php' not found or unable to stat, referer: www.google.com
[Wed May 11 13:57:52.443102 2022] [php7:error] [pid 30594] [client 134.122.40.12:45786] script '/home/aerflo/system_api.php' not found or unable to stat
[Wed May 11 14:11:38.066984 2022] [php7:error] [pid 30565] [client 72.167.42.45:49890] script '/home/aerflo/wp-login.php' not found or unable to stat
[Wed May 11 15:25:14.366178 2022] [php7:error] [pid 30565] [client 209.97.169.179:35844] script '/home/aerflo/wp-login.php' not found or unable to stat, referer: http://qm.sheer.us
[Wed May 11 18:03:52.646730 2022] [php7:error] [pid 15316] [client 45.9.20.101:35160] script '/home/aerflo/index.php' not found or unable to stat
[Wed May 11 20:24:20.501634 2022] [php7:error] [pid 15313] [client 46.161.27.204:47126] script '/home/aerflo/wp-login.php' not found or unable to stat
[Wed May 11 20:28:24.900333 2022] [php7:error] [pid 15317] [client 46.161.27.204:51120] script '/home/aerflo/wp-login.php' not found or unable to stat
[Wed May 11 21:21:21.795052 2022] [php7:error] [pid 15311] [client 91.196.71.82:39798] script '/home/aerflo/elrekt.php' not found or unable to stat
[Wed May 11 21:21:21.889715 2022] [php7:error] [pid 15317] [client 91.196.71.82:45272] script '/home/aerflo/index.php' not found or unable to stat
[Wed May 11 22:12:37.743468 2022] [core:error] [pid 15311] [client 45.9.20.101:59576] AH00126: Invalid URI in request POST /cgi-bin/.%2e/.%2e/.%2e/.%2e/bin/sh HTTP/1.1
[Wed May 11 22:20:08.521182 2022] [php7:error] [pid 15313] [client 72.167.42.45:59976] script '/home/aerflo/wp-login.php' not found or unable to stat
[Thu May 12 00:31:14.661349 2022] [php7:error] [pid 15311] [client 3.144.117.166:57888] script '/home/aerflo/wsu.php' not found or unable to stat
[Thu May 12 02:09:39.303244 2022] [php7:error] [pid 26107] [client 46.161.27.204:44976] script '/home/aerflo/wp-login.php' not found or unable to stat
[Thu May 12 07:04:11.922104 2022] [php7:error] [pid 9715] [client 5.188.210.227:53119] script '/home/aerflo/echo.php' not found or unable to stat, referer: https://www.google.com/
[Thu May 12 09:20:46.590883 2022] [core:error] [pid 9715] [client 193.118.53.202:35406] AH00126: Invalid URI in request HEAD /icons/.%2e/%2e%2e/apache2/icons/sphere1.png HTTP/1.1
[Thu May 12 15:25:42.749936 2022] [php7:error] [pid 9447] [client 45.9.20.101:47496] script '/home/aerflo/index.php' not found or unable to stat
[Thu May 12 18:55:09.836675 2022] [core:error] [pid 5871] [client 45.9.20.101:35228] AH00126: Invalid URI in request POST /cgi-bin/.%2e/.%2e/.%2e/.%2e/bin/sh HTTP/1.1
[Thu May 12 20:06:29.418818 2022] [php7:error] [pid 9446] [client 2.58.149.155:53269] script '/home/aerflo/xmlrpc.php' not found or unable to stat
[Thu May 12 22:05:58.722986 2022] [php7:error] [pid 9543] [client 5.188.62.26:62469] script '/home/aerflo/login.php' not found or unable to stat, referer: http://plur.us/
[Fri May 13 00:24:38.241464 2022] [core:error] [pid 5868] [client 161.35.86.181:60414] AH00126: Invalid URI in request GET /cgi-bin/.%2e/%2e%2e/%2e%2e/%2e%2e/%2e%2e/%2e%2e/%2e%2e/%2e%2e/%2e%2e/etc/hosts HTTP/1.1
[Fri May 13 00:24:39.310476 2022] [php7:error] [pid 23025] [client 161.35.86.181:33024] script '/home/aerflo/info.php' not found or unable to stat
[Fri May 13 00:24:40.085719 2022] [authz_core:error] [pid 14065] [client 161.35.86.181:33714] AH01630: client denied by server configuration: /home/aerflo/server-status
[Fri May 13 11:01:12.411755 2022] [php7:error] [pid 10915] [client 198.211.116.247:42042] script '/home/aerflo/wp-login.php' not found or unable to stat
[Fri May 13 11:58:27.289534 2022] [php7:error] [pid 10914] [client 45.9.20.101:40058] script '/home/aerflo/index.php' not found or unable to stat
[Fri May 13 15:29:52.272825 2022] [core:error] [pid 10888] [client 45.9.20.101:56236] AH00126: Invalid URI in request POST /cgi-bin/.%2e/.%2e/.%2e/.%2e/bin/sh HTTP/1.1
[Sat May 14 03:03:50.323894 2022] [php7:error] [pid 10916] [client 31.210.20.64:58063] script '/home/aerflo/wp-plain.php' not found or unable to stat, referer: www.google.com
[Sat May 14 03:04:11.949182 2022] [php7:error] [pid 28491] [client 31.210.20.64:63262] script '/home/aerflo/gcevjvmq.php' not found or unable to stat, referer: www.google.com
[Sat May 14 17:03:36.770462 2022] [php7:error] [pid 31590] [client 119.91.87.45:65406] script '/home/aerflo/wp-login.php' not found or unable to stat
[Sat May 14 20:32:34.546566 2022] [php7:error] [pid 31590] [client 157.245.231.45:48834] script '/home/aerflo/wp-login.php' not found or unable to stat
[Sat May 14 23:47:31.173505 2022] [php7:error] [pid 31589] [client 157.230.216.8:34840] script '/home/aerflo/wp-login.php' not found or unable to stat
[Sun May 15 10:33:09.593175 2022] [php7:error] [pid 463] [client 143.198.110.230:43544] script '/home/aerflo/wp-login.php' not found or unable to stat
[Mon May 16 14:37:15.726945 2022] [php7:error] [pid 20913] [client 88.214.43.118:55724] script '/home/aerflo/phpinfos.php' not found or unable to stat
[Mon May 16 18:17:26.884151 2022] [php7:error] [pid 31539] [client 15.206.8.144:35676] script '/home/aerflo/wp-login.php' not found or unable to stat
[Mon May 16 20:12:59.184434 2022] [php7:error] [pid 17046] [client 5.188.210.227:43250] script '/home/aerflo/echo.php' not found or unable to stat, referer: https://www.google.com/
[Tue May 17 00:47:50.001058 2022] [php7:error] [pid 7608] [client 193.106.191.48:35664] script '/home/aerflo/index.php' not found or unable to stat
[Tue May 17 05:06:02.772061 2022] [php7:error] [pid 18520] [client 51.195.135.57:54672] script '/home/aerflo/phpinfo.php' not found or unable to stat
[Tue May 17 05:06:03.322014 2022] [php7:error] [pid 22848] [client 51.195.135.57:49440] script '/home/aerflo/info.php' not found or unable to stat
[Tue May 17 05:23:26.177228 2022] [core:error] [pid 22848] [client 193.106.191.48:43306] AH00126: Invalid URI in request POST /cgi-bin/.%2e/.%2e/.%2e/.%2e/bin/sh HTTP/1.1
[Tue May 17 08:31:44.107094 2022] [php7:error] [pid 897] [client 103.10.105.157:40945] script '/home/aerflo/wp-login.php' not found or unable to stat
[Tue May 17 10:44:21.193125 2022] [php7:error] [pid 876] [client 159.223.97.177:57754] script '/home/aerflo/wp-login.php' not found or unable to stat
[Tue May 17 10:50:33.951446 2022] [php7:error] [pid 29106] [client 188.166.220.74:55218] script '/home/aerflo/wp-login.php' not found or unable to stat
[Tue May 17 11:10:37.849879 2022] [php7:error] [pid 876] [client 167.172.56.36:57186] script '/home/aerflo/wp-login.php' not found or unable to stat
[Tue May 17 11:27:36.243498 2022] [php7:error] [pid 897] [client 142.93.48.70:43220] script '/home/aerflo/wp-login.php' not found or unable to stat
[Tue May 17 11:33:45.439454 2022] [php7:error] [pid 4815] [client 137.184.63.236:47762] script '/home/aerflo/wp-login.php' not found or unable to stat
[Tue May 17 12:17:29.424167 2022] [php7:error] [pid 31030] [client 46.101.253.238:60958] script '/home/aerflo/wp-login.php' not found or unable to stat
[Tue May 17 21:16:17.487639 2022] [authz_core:error] [pid 22027] [client 172.104.159.48:54980] AH01630: client denied by server configuration: /home/aerflo/server-status
[Tue May 17 21:16:17.575248 2022] [php7:error] [pid 21934] [client 172.104.159.48:55038] script '/home/aerflo/admin.php' not found or unable to stat
[Tue May 17 21:35:17.482011 2022] [php7:error] [pid 27343] [client 193.106.191.48:46384] script '/home/aerflo/index.php' not found or unable to stat
[Tue May 17 22:38:45.800211 2022] [php7:error] [pid 21934] [client 151.106.98.5:20368] script '/home/aerflo/style.php' not found or unable to stat
[Tue May 17 22:39:08.634084 2022] [php7:error] [pid 27343] [client 194.59.164.68:26818] script '/home/aerflo/style.php' not found or unable to stat
[Wed May 18 01:23:05.364899 2022] [php7:error] [pid 2355] [client 188.166.5.244:50144] script '/home/aerflo/wp-22.php' not found or unable to stat
[Wed May 18 01:48:44.854297 2022] [core:error] [pid 3465] [client 193.106.191.48:58344] AH00126: Invalid URI in request POST /cgi-bin/.%2e/.%2e/.%2e/.%2e/bin/sh HTTP/1.1
[Wed May 18 15:27:06.966532 2022] [php7:error] [pid 15599] [client 104.131.111.48:59840] script '/home/aerflo/system_api.php' not found or unable to stat
[Wed May 18 17:31:12.863629 2022] [php7:error] [pid 3025] [client 193.106.191.48:44288] script '/home/aerflo/index.php' not found or unable to stat
[Wed May 18 21:51:27.361211 2022] [core:error] [pid 2494] [client 193.106.191.48:53252] AH00126: Invalid URI in request POST /cgi-bin/.%2e/.%2e/.%2e/.%2e/bin/sh HTTP/1.1
[Wed May 18 23:26:44.141112 2022] [php7:error] [pid 14405] [client 138.128.160.186:53708] script '/home/aerflo/wp-login.php' not found or unable to stat
[Wed May 18 23:37:28.880079 2022] [php7:error] [pid 2494] [client 62.197.136.223:62664] script '/home/aerflo/fw.php' not found or unable to stat, referer: www.google.com
[Wed May 18 23:37:42.073020 2022] [php7:error] [pid 2403] [client 62.197.136.223:57169] script '/home/aerflo/ffAA531.php' not found or unable to stat, referer: www.google.com
[Wed May 18 23:37:53.648884 2022] [php7:error] [pid 16791] [client 62.197.136.223:54848] script '/home/aerflo/old-index.php' not found or unable to stat, referer: www.google.com
[Wed May 18 23:38:04.703471 2022] [php7:error] [pid 6260] [client 62.197.136.223:58396] script '/home/aerflo/xleet-shell.php' not found or unable to stat, referer: www.google.com
[Wed May 18 23:38:15.625802 2022] [php7:error] [pid 14405] [client 62.197.136.223:53329] script '/home/aerflo/wp-2019.php' not found or unable to stat, referer: www.google.com
[Wed May 18 23:38:37.962379 2022] [php7:error] [pid 21275] [client 62.197.136.223:51490] script '/home/aerflo/shell20211028.php' not found or unable to stat, referer: www.google.com
[Wed May 18 23:38:47.168176 2022] [php7:error] [pid 3026] [client 62.197.136.223:61139] script '/home/aerflo/1index.php' not found or unable to stat, referer: www.google.com
[Wed May 18 23:39:00.804714 2022] [php7:error] [pid 16790] [client 62.197.136.223:57540] script '/home/aerflo/autoload_classmap.php' not found or unable to stat, referer: www.google.com
[Wed May 18 23:39:10.227260 2022] [php7:error] [pid 16791] [client 62.197.136.223:52248] script '/home/aerflo/radio.php' not found or unable to stat, referer: www.google.com
[Wed May 18 23:39:20.297370 2022] [php7:error] [pid 21275] [client 62.197.136.223:59049] script '/home/aerflo/2index.php' not found or unable to stat, referer: www.google.com
[Wed May 18 23:39:32.229020 2022] [php7:error] [pid 3026] [client 62.197.136.223:54710] script '/home/aerflo/content.php' not found or unable to stat, referer: www.google.com
[Wed May 18 23:39:40.519997 2022] [php7:error] [pid 21275] [client 62.197.136.223:57284] script '/home/aerflo/new-index.php' not found or unable to stat, referer: www.google.com
[Wed May 18 23:42:02.357559 2022] [php7:error] [pid 21275] [client 62.197.136.223:54601] script '/home/aerflo/alwso.php' not found or unable to stat, referer: www.google.com
[Wed May 18 23:42:15.544205 2022] [php7:error] [pid 4913] [client 62.197.136.223:62651] script '/home/aerflo/baindex.php' not found or unable to stat, referer: www.google.com
[Wed May 18 23:42:29.408426 2022] [php7:error] [pid 16791] [client 62.197.136.223:54841] script '/home/aerflo/qindex.php' not found or unable to stat, referer: www.google.com
[Wed May 18 23:42:41.146925 2022] [php7:error] [pid 2494] [client 62.197.136.223:57826] script '/home/aerflo/wp-signin.php' not found or unable to stat, referer: www.google.com
[Wed May 18 23:43:06.703965 2022] [php7:error] [pid 6260] [client 62.197.136.223:54883] script '/home/aerflo/wp-plugins.php' not found or unable to stat, referer: www.google.com
[Wed May 18 23:43:16.747730 2022] [php7:error] [pid 2403] [client 62.197.136.223:60670] script '/home/aerflo/defaul1.php' not found or unable to stat, referer: www.google.com
[Wed May 18 23:43:26.904603 2022] [php7:error] [pid 16792] [client 62.197.136.223:58554] script '/home/aerflo/ups.php' not found or unable to stat, referer: www.google.com
[Wed May 18 23:43:38.003131 2022] [php7:error] [pid 2494] [client 62.197.136.223:55925] script '/home/aerflo/wp.php' not found or unable to stat, referer: www.google.com
[Wed May 18 23:43:48.766695 2022] [php7:error] [pid 4913] [client 62.197.136.223:60106] script '/home/aerflo/admin.php' not found or unable to stat, referer: www.google.com
[Wed May 18 23:43:59.310239 2022] [php7:error] [pid 16791] [client 62.197.136.223:54574] script '/home/aerflo/xleet.php' not found or unable to stat, referer: www.google.com
[Wed May 18 23:44:10.492777 2022] [php7:error] [pid 16790] [client 62.197.136.223:49937] script '/home/aerflo/403.php' not found or unable to stat, referer: www.google.com
[Thu May 19 01:16:26.183636 2022] [php7:error] [pid 16791] [client 112.124.5.200:58414] script '/home/aerflo/index.php' not found or unable to stat
[Thu May 19 02:26:40.779150 2022] [php7:error] [pid 14405] [client 31.170.166.160:50146] script '/home/aerflo/wp-22.php' not found or unable to stat
[Thu May 19 02:27:05.944450 2022] [php7:error] [pid 16790] [client 159.89.202.88:42850] script '/home/aerflo/wp-22.php' not found or unable to stat
[Thu May 19 02:27:09.232143 2022] [php7:error] [pid 21275] [client 67.207.83.246:56184] script '/home/aerflo/wp-22.php' not found or unable to stat
[Thu May 19 02:27:24.605190 2022] [php7:error] [pid 4913] [client 159.65.100.103:45428] script '/home/aerflo/wp-22.php' not found or unable to stat
[Thu May 19 02:27:26.502576 2022] [php7:error] [pid 3026] [client 67.205.150.107:41250] script '/home/aerflo/wp-22.php' not found or unable to stat
[Thu May 19 02:31:14.140164 2022] [php7:error] [pid 6260] [client 202.143.111.18:37726] script '/home/aerflo/wp-22.php' not found or unable to stat
[Thu May 19 09:03:35.041441 2022] [php7:error] [pid 1468] [client 121.11.117.118:64827] script '/home/aerflo/wp-login.php' not found or unable to stat
[Thu May 19 10:14:34.292869 2022] [php7:error] [pid 1955] [client 159.65.200.34:59322] script '/home/aerflo/info.php' not found or unable to stat
[Thu May 19 10:14:34.294265 2022] [authz_core:error] [pid 1474] [client 159.65.200.34:59308] AH01630: client denied by server configuration: /home/aerflo/server-status
[Thu May 19 14:13:37.264000 2022] [php7:error] [pid 9542] [client 193.106.191.48:55230] script '/home/aerflo/index.php' not found or unable to stat
[Thu May 19 15:10:02.717902 2022] [php7:error] [pid 16622] [client 190.104.148.159:45458] script '/home/aerflo/wp-login.php' not found or unable to stat
[Thu May 19 16:17:03.077574 2022] [php7:error] [pid 32226] [client 101.99.90.175:47900] script '/home/aerflo/wp-login.php' not found or unable to stat
[Thu May 19 18:18:28.133011 2022] [core:error] [pid 23994] [client 193.106.191.48:34028] AH00126: Invalid URI in request POST /cgi-bin/.%2e/.%2e/.%2e/.%2e/bin/sh HTTP/1.1
[Thu May 19 18:31:13.992293 2022] [php7:error] [pid 1473] [client 20.218.85.19:60331] script '/home/aerflo/leafmailer2.8(1).php' not found or unable to stat
[Thu May 19 18:31:14.864564 2022] [php7:error] [pid 16440] [client 20.218.85.19:61145] script '/home/aerflo/leafmailer2.8.php' not found or unable to stat
[Thu May 19 18:31:15.210865 2022] [php7:error] [pid 22618] [client 20.218.85.19:61502] script '/home/aerflo/leafmailer.php' not found or unable to stat
[Thu May 19 18:31:15.831030 2022] [php7:error] [pid 24494] [client 20.218.85.19:61695] script '/home/aerflo/leaf.php' not found or unable to stat
[Thu May 19 18:31:16.400924 2022] [php7:error] [pid 24493] [client 20.218.85.19:62291] script '/home/aerflo/send.php' not found or unable to stat
[Thu May 19 18:31:16.723958 2022] [php7:error] [pid 16622] [client 20.218.85.19:62654] script '/home/aerflo/sender.php' not found or unable to stat
[Thu May 19 18:31:17.160200 2022] [php7:error] [pid 16588] [client 20.218.85.19:63055] script '/home/aerflo/mail.php' not found or unable to stat
[Fri May 20 03:57:46.190891 2022] [core:error] [pid 10239] [client 134.122.112.12:46158] AH00126: Invalid URI in request GET /cgi-bin/.%2e/%2e%2e/%2e%2e/%2e%2e/%2e%2e/%2e%2e/%2e%2e/%2e%2e/%2e%2e/etc/hosts HTTP/1.1
[Fri May 20 12:47:29.757458 2022] [php7:error] [pid 23060] [client 193.106.191.48:42248] script '/home/aerflo/index.php' not found or unable to stat
[Fri May 20 19:06:12.718466 2022] [php7:error] [pid 5905] [client 193.106.191.48:57478] script '/home/aerflo/index.php' not found or unable to stat
[Fri May 20 19:55:13.673717 2022] [php7:error] [pid 15137] [client 118.69.173.205:40808] script '/home/aerflo/wp-login.php' not found or unable to stat
[Fri May 20 22:20:12.912449 2022] [php7:error] [pid 23060] [client 157.97.122.30:24915] script '/home/aerflo/frontend_dev.php' not found or unable to stat
[Fri May 20 22:20:14.139102 2022] [php7:error] [pid 5902] [client 157.97.122.30:26447] script '/home/aerflo/info.php' not found or unable to stat
[Fri May 20 22:20:14.445026 2022] [php7:error] [pid 15817] [client 157.97.122.30:11959] script '/home/aerflo/phpinfo.php' not found or unable to stat
[Fri May 20 23:18:36.322015 2022] [core:error] [pid 27980] [client 193.106.191.48:49916] AH00126: Invalid URI in request POST /cgi-bin/.%2e/.%2e/.%2e/.%2e/bin/sh HTTP/1.1
[Sat May 21 06:16:07.757869 2022] [php7:error] [pid 23071] [client 185.114.245.107:47040] script '/home/aerflo/style.php' not found or unable to stat
[Sat May 21 06:16:32.890034 2022] [php7:error] [pid 31255] [client 99.91.198.83:5031] script '/home/aerflo/style.php' not found or unable to stat
[Sat May 21 06:16:42.781382 2022] [php7:error] [pid 26967] [client 194.59.164.104:32666] script '/home/aerflo/style.php' not found or unable to stat
[Sat May 21 06:17:58.828530 2022] [php7:error] [pid 26968] [client 93.90.219.18:45782] script '/home/aerflo/style.php' not found or unable to stat
[Sat May 21 06:20:13.227261 2022] [php7:error] [pid 27493] [client 46.17.172.24:40856] script '/home/aerflo/style.php' not found or unable to stat
[Sat May 21 20:57:06.838773 2022] [php7:error] [pid 8577] [client 84.17.34.27:46650] script '/home/aerflo/test6956.php' not found or unable to stat
[Sat May 21 22:07:34.628824 2022] [php7:error] [pid 10623] [client 35.203.155.125:36760] script '/home/aerflo/wp-login.php' not found or unable to stat
[Sun May 22 03:58:06.178241 2022] [php7:error] [pid 10623] [client 54.244.152.209:41642] script '/home/aerflo/wp-login.php' not found or unable to stat, referer: http://ns2.numbermining.com
[Sun May 22 04:33:09.478404 2022] [php7:error] [pid 14661] [client 193.106.191.48:50772] script '/home/aerflo/index.php' not found or unable to stat
[Sun May 22 06:11:24.448089 2022] [php7:error] [pid 25306] [client 67.246.83.39:55230] script '/home/aerflo/wp-login.php' not found or unable to stat, referer: http://plur.us
[Sun May 22 06:11:24.683403 2022] [php7:error] [pid 10625] [client 67.246.83.39:55280] script '/home/aerflo/wp-login.php' not found or unable to stat, referer: http://blog.plur.us
[Sun May 22 07:13:10.090844 2022] [php7:error] [pid 28070] [client 41.207.30.11:45812] script '/home/aerflo/wp-login.php' not found or unable to stat, referer: http://qm.sheer.us
[Sun May 22 08:37:33.051066 2022] [core:error] [pid 28480] [client 193.106.191.48:58886] AH00126: Invalid URI in request POST /cgi-bin/.%2e/.%2e/.%2e/.%2e/bin/sh HTTP/1.1
[Sun May 22 12:34:43.634413 2022] [php7:error] [pid 28194] [client 139.59.20.111:55590] script '/home/aerflo/wp-login.php' not found or unable to stat
[Sun May 22 20:56:23.973331 2022] [php7:error] [pid 18799] [client 193.106.191.48:59708] script '/home/aerflo/index.php' not found or unable to stat
[Mon May 23 00:48:15.210161 2022] [core:error] [pid 18800] [client 193.106.191.48:55726] AH00126: Invalid URI in request POST /cgi-bin/.%2e/.%2e/.%2e/.%2e/bin/sh HTTP/1.1
[Mon May 23 17:05:30.851775 2022] [php7:error] [pid 24396] [client 34.79.140.10:55084] script '/home/aerflo/wp-login.php' not found or unable to stat
[Mon May 23 18:54:14.891339 2022] [php7:error] [pid 9640] [client 1.116.240.174:62976] script '/home/aerflo/wp-login.php' not found or unable to stat
[Mon May 23 19:15:15.172897 2022] [php7:error] [pid 27457] [client 193.106.191.48:57972] script '/home/aerflo/index.php' not found or unable to stat
[Mon May 23 23:31:09.166470 2022] [core:error] [pid 9071] [client 193.106.191.48:36896] AH00126: Invalid URI in request POST /cgi-bin/.%2e/.%2e/.%2e/.%2e/bin/sh HTTP/1.1
[Tue May 24 02:17:37.667341 2022] [php7:error] [pid 11329] [client 31.170.166.162:33522] script '/home/aerflo/wp-rmd.php' not found or unable to stat
[Tue May 24 02:17:37.668800 2022] [php7:error] [pid 11323] [client 31.170.166.162:33524] script '/home/aerflo/wp-info.php' not found or unable to stat
[Tue May 24 02:17:37.668987 2022] [php7:error] [pid 11327] [client 31.170.166.162:33532] script '/home/aerflo/local.php' not found or unable to stat
[Tue May 24 02:17:37.669014 2022] [php7:error] [pid 11325] [client 31.170.166.162:33526] script '/home/aerflo/wso.php' not found or unable to stat
[Tue May 24 02:17:37.669014 2022] [php7:error] [pid 9071] [client 31.170.166.162:33534] script '/home/aerflo/ffAA531.php' not found or unable to stat
[Tue May 24 02:17:37.669710 2022] [php7:error] [pid 8628] [client 31.170.166.162:33530] script '/home/aerflo/logs.php' not found or unable to stat
[Tue May 24 02:17:37.669892 2022] [php7:error] [pid 11086] [client 31.170.166.162:33528] script '/home/aerflo/shell.php' not found or unable to stat
[Tue May 24 02:17:37.669940 2022] [php7:error] [pid 11326] [client 31.170.166.162:33540] script '/home/aerflo/wp-2019.php' not found or unable to stat
[Tue May 24 02:17:37.670039 2022] [php7:error] [pid 11328] [client 31.170.166.162:33536] script '/home/aerflo/fw.php' not found or unable to stat
[Tue May 24 02:17:37.670220 2022] [php7:error] [pid 11075] [client 31.170.166.162:33542] script '/home/aerflo/autoload_classmap.php' not found or unable to stat
[Tue May 24 02:17:38.654156 2022] [php7:error] [pid 13730] [client 31.170.166.162:33538] script '/home/aerflo/alwso.php' not found or unable to stat
[Tue May 24 02:17:39.656672 2022] [php7:error] [pid 13731] [client 31.170.166.162:33546] script '/home/aerflo/oldindex.php' not found or unable to stat
[Tue May 24 02:17:39.657280 2022] [php7:error] [pid 13732] [client 31.170.166.162:33544] script '/home/aerflo/wp-fox.php' not found or unable to stat
[Tue May 24 03:10:56.457642 2022] [php7:error] [pid 13949] [client 62.197.136.223:53634] script '/home/aerflo/ffAA531.php' not found or unable to stat, referer: www.google.com
[Tue May 24 03:11:08.764721 2022] [php7:error] [pid 13948] [client 62.197.136.223:63992] script '/home/aerflo/wp-2022.php' not found or unable to stat, referer: www.google.com
[Tue May 24 03:11:19.698936 2022] [php7:error] [pid 13958] [client 62.197.136.223:50594] script '/home/aerflo/wp-2019.php' not found or unable to stat, referer: www.google.com
[Tue May 24 03:11:29.833549 2022] [php7:error] [pid 11329] [client 62.197.136.223:49929] script '/home/aerflo/radio.php' not found or unable to stat, referer: www.google.com
[Tue May 24 03:11:56.363697 2022] [php7:error] [pid 13743] [client 62.197.136.223:60581] script '/home/aerflo/upload.php' not found or unable to stat, referer: www.google.com
[Tue May 24 03:12:08.427244 2022] [php7:error] [pid 13958] [client 62.197.136.223:58727] script '/home/aerflo/up.php' not found or unable to stat, referer: www.google.com
[Tue May 24 03:12:24.834852 2022] [php7:error] [pid 11326] [client 62.197.136.223:56767] script '/home/aerflo/content.php' not found or unable to stat, referer: www.google.com
[Tue May 24 03:13:48.211096 2022] [php7:error] [pid 13949] [client 62.197.136.223:56893] script '/home/aerflo/asdf.php' not found or unable to stat, referer: www.google.com
[Tue May 24 03:13:57.489921 2022] [php7:error] [pid 13958] [client 62.197.136.223:53593] script '/home/aerflo/wp-fox.php' not found or unable to stat, referer: www.google.com
[Tue May 24 04:21:34.293807 2022] [php7:error] [pid 13948] [client 52.173.31.82:62626] script '/home/aerflo/leafmailer2.8(1).php' not found or unable to stat
[Tue May 24 04:21:34.454157 2022] [php7:error] [pid 11325] [client 52.173.31.82:49443] script '/home/aerflo/leafmailer2.8.php' not found or unable to stat
[Tue May 24 04:21:34.529194 2022] [php7:error] [pid 13744] [client 52.173.31.82:56753] script '/home/aerflo/leafmailer.php' not found or unable to stat
[Tue May 24 04:21:34.600389 2022] [php7:error] [pid 13732] [client 52.173.31.82:50880] script '/home/aerflo/leaf.php' not found or unable to stat
[Tue May 24 04:21:34.678655 2022] [php7:error] [pid 13949] [client 52.173.31.82:60273] script '/home/aerflo/send.php' not found or unable to stat
[Tue May 24 04:21:34.758860 2022] [php7:error] [pid 11326] [client 52.173.31.82:60270] script '/home/aerflo/sender.php' not found or unable to stat
[Tue May 24 04:21:34.947380 2022] [php7:error] [pid 13958] [client 52.173.31.82:56760] script '/home/aerflo/mail.php' not found or unable to stat
[Tue May 24 09:49:05.698446 2022] [php7:error] [pid 2162] [client 92.53.96.177:47716] script '/home/aerflo/xleet-shell.php' not found or unable to stat
[Tue May 24 09:49:05.865216 2022] [php7:error] [pid 2162] [client 92.53.96.177:47716] script '/home/aerflo/takeout.php' not found or unable to stat
[Tue May 24 09:49:05.973536 2022] [php7:error] [pid 2166] [client 92.53.96.177:47730] script '/home/aerflo/xleet.php' not found or unable to stat
[Tue May 24 09:49:06.031789 2022] [php7:error] [pid 2162] [client 92.53.96.177:47716] script '/home/aerflo/sh3llx.php' not found or unable to stat
[Tue May 24 09:49:06.140164 2022] [php7:error] [pid 2166] [client 92.53.96.177:47730] script '/home/aerflo/xlet.php' not found or unable to stat
[Tue May 24 09:49:06.198430 2022] [php7:error] [pid 2162] [client 92.53.96.177:47716] script '/home/aerflo/jindex.php' not found or unable to stat
[Tue May 24 09:49:06.306906 2022] [php7:error] [pid 2166] [client 92.53.96.177:47730] script '/home/aerflo/admin.php' not found or unable to stat
[Tue May 24 09:49:22.873632 2022] [php7:error] [pid 860] [client 185.224.138.149:64556] script '/home/aerflo/xleet.php' not found or unable to stat
[Tue May 24 09:49:22.879556 2022] [php7:error] [pid 2162] [client 185.224.138.149:64560] script '/home/aerflo/sh3llx.php' not found or unable to stat
[Tue May 24 09:49:22.879625 2022] [php7:error] [pid 4024] [client 185.224.138.149:64558] script '/home/aerflo/takeout.php' not found or unable to stat
[Tue May 24 09:49:22.884198 2022] [php7:error] [pid 2166] [client 185.224.138.149:64562] script '/home/aerflo/xlet.php' not found or unable to stat
[Tue May 24 09:49:22.885585 2022] [php7:error] [pid 861] [client 185.224.138.149:64554] script '/home/aerflo/xleet-shell.php' not found or unable to stat
[Tue May 24 09:49:22.887111 2022] [php7:error] [pid 2870] [client 185.224.138.149:64564] script '/home/aerflo/jindex.php' not found or unable to stat
[Tue May 24 09:49:22.887199 2022] [php7:error] [pid 864] [client 185.224.138.149:64566] script '/home/aerflo/admin.php' not found or unable to stat
[Tue May 24 09:53:29.376664 2022] [php7:error] [pid 4047] [client 178.62.0.131:55964] script '/home/aerflo/jindex.php' not found or unable to stat
[Tue May 24 09:53:29.376792 2022] [php7:error] [pid 4029] [client 178.62.0.131:55960] script '/home/aerflo/sh3llx.php' not found or unable to stat
[Tue May 24 09:53:29.376907 2022] [php7:error] [pid 4024] [client 178.62.0.131:55958] script '/home/aerflo/takeout.php' not found or unable to stat
[Tue May 24 09:53:29.376912 2022] [php7:error] [pid 4148] [client 178.62.0.131:55962] script '/home/aerflo/xlet.php' not found or unable to stat
[Tue May 24 09:53:29.377187 2022] [php7:error] [pid 4030] [client 178.62.0.131:55956] script '/home/aerflo/xleet.php' not found or unable to stat
[Tue May 24 09:53:29.377198 2022] [php7:error] [pid 861] [client 178.62.0.131:55966] script '/home/aerflo/admin.php' not found or unable to stat
[Tue May 24 09:53:29.377356 2022] [php7:error] [pid 4149] [client 178.62.0.131:55954] script '/home/aerflo/xleet-shell.php' not found or unable to stat
[Tue May 24 10:01:06.051457 2022] [php7:error] [pid 4046] [client 51.89.98.37:36022] script '/home/aerflo/sh3llx.php' not found or unable to stat
[Tue May 24 10:01:06.052265 2022] [php7:error] [pid 4297] [client 51.89.98.37:36018] script '/home/aerflo/xleet.php' not found or unable to stat
[Tue May 24 10:01:06.052398 2022] [php7:error] [pid 4423] [client 51.89.98.37:36020] script '/home/aerflo/takeout.php' not found or unable to stat
[Tue May 24 10:01:06.056552 2022] [php7:error] [pid 4215] [client 51.89.98.37:36026] script '/home/aerflo/jindex.php' not found or unable to stat
[Tue May 24 10:01:06.056595 2022] [php7:error] [pid 4024] [client 51.89.98.37:36028] script '/home/aerflo/admin.php' not found or unable to stat
[Tue May 24 10:01:06.060898 2022] [php7:error] [pid 4030] [client 51.89.98.37:36016] script '/home/aerflo/xleet-shell.php' not found or unable to stat
[Tue May 24 10:01:06.064924 2022] [php7:error] [pid 4047] [client 51.89.98.37:36024] script '/home/aerflo/xlet.php' not found or unable to stat
[Tue May 24 10:02:02.536153 2022] [php7:error] [pid 4423] [client 119.82.135.26:42934] script '/home/aerflo/takeout.php' not found or unable to stat
[Tue May 24 10:02:02.539814 2022] [php7:error] [pid 4030] [client 119.82.135.26:42930] script '/home/aerflo/xleet-shell.php' not found or unable to stat
[Tue May 24 10:02:02.539992 2022] [php7:error] [pid 4215] [client 119.82.135.26:42932] script '/home/aerflo/xleet.php' not found or unable to stat
[Tue May 24 10:02:02.540153 2022] [php7:error] [pid 4024] [client 119.82.135.26:42942] script '/home/aerflo/admin.php' not found or unable to stat
[Tue May 24 10:02:02.551224 2022] [php7:error] [pid 4046] [client 119.82.135.26:42936] script '/home/aerflo/sh3llx.php' not found or unable to stat
[Tue May 24 10:02:02.551399 2022] [php7:error] [pid 4293] [client 119.82.135.26:42938] script '/home/aerflo/xlet.php' not found or unable to stat
[Tue May 24 10:02:02.551525 2022] [php7:error] [pid 4518] [client 119.82.135.26:42940] script '/home/aerflo/jindex.php' not found or unable to stat
[Tue May 24 12:10:44.030943 2022] [php7:error] [pid 6016] [client 5.188.210.227:50729] script '/home/aerflo/echo.php' not found or unable to stat, referer: https://www.google.com/
[Tue May 24 12:40:55.755164 2022] [php7:error] [pid 4518] [client 84.205.178.134:51618] script '/home/aerflo/wp-login.php' not found or unable to stat
[Tue May 24 12:53:17.446708 2022] [php7:error] [pid 4293] [client 179.43.169.179:33360] script '/home/aerflo/router08.php' not found or unable to stat
[Tue May 24 16:02:37.732742 2022] [php7:error] [pid 6005] [client 193.106.191.48:39214] script '/home/aerflo/index.php' not found or unable to stat
[Tue May 24 20:09:08.246795 2022] [core:error] [pid 20987] [client 193.106.191.48:58498] AH00126: Invalid URI in request POST /cgi-bin/.%2e/.%2e/.%2e/.%2e/bin/sh HTTP/1.1
[Tue May 24 21:53:30.708584 2022] [php7:error] [pid 23626] [client 62.197.136.223:60774] script '/home/aerflo/ffAA531.php' not found or unable to stat, referer: www.google.com
[Tue May 24 21:53:40.610200 2022] [php7:error] [pid 21787] [client 62.197.136.223:61348] script '/home/aerflo/wp-2022.php' not found or unable to stat, referer: www.google.com
[Tue May 24 21:53:50.775216 2022] [php7:error] [pid 12526] [client 62.197.136.223:52882] script '/home/aerflo/wp-2019.php' not found or unable to stat, referer: www.google.com
[Tue May 24 21:54:00.721025 2022] [php7:error] [pid 6026] [client 62.197.136.223:55679] script '/home/aerflo/radio.php' not found or unable to stat, referer: www.google.com
[Tue May 24 21:54:26.596730 2022] [php7:error] [pid 12526] [client 62.197.136.223:63442] script '/home/aerflo/upload.php' not found or unable to stat, referer: www.google.com
[Tue May 24 21:54:37.636626 2022] [php7:error] [pid 6026] [client 62.197.136.223:52401] script '/home/aerflo/up.php' not found or unable to stat, referer: www.google.com
[Tue May 24 21:54:49.734004 2022] [php7:error] [pid 20987] [client 62.197.136.223:60823] script '/home/aerflo/content.php' not found or unable to stat, referer: www.google.com
[Tue May 24 21:56:05.309611 2022] [php7:error] [pid 21787] [client 62.197.136.223:60903] script '/home/aerflo/asdf.php' not found or unable to stat, referer: www.google.com
[Tue May 24 21:56:16.086887 2022] [php7:error] [pid 6026] [client 62.197.136.223:51181] script '/home/aerflo/wp-fox.php' not found or unable to stat, referer: www.google.com
[Tue May 24 22:20:34.594268 2022] [php7:error] [pid 20987] [client 62.197.136.223:61620] script '/home/aerflo/ffAA531.php' not found or unable to stat, referer: www.google.com
[Tue May 24 22:20:50.966818 2022] [php7:error] [pid 12526] [client 62.197.136.223:53324] script '/home/aerflo/wp-2022.php' not found or unable to stat, referer: www.google.com
[Tue May 24 22:21:05.308838 2022] [php7:error] [pid 18301] [client 62.197.136.223:52229] script '/home/aerflo/wp-2019.php' not found or unable to stat, referer: www.google.com
[Tue May 24 22:21:18.111881 2022] [php7:error] [pid 21787] [client 62.197.136.223:59838] script '/home/aerflo/radio.php' not found or unable to stat, referer: www.google.com
[Tue May 24 22:21:44.700698 2022] [php7:error] [pid 18301] [client 62.197.136.223:63748] script '/home/aerflo/upload.php' not found or unable to stat, referer: www.google.com
[Tue May 24 22:21:58.451498 2022] [php7:error] [pid 18302] [client 62.197.136.223:57712] script '/home/aerflo/up.php' not found or unable to stat, referer: www.google.com
[Tue May 24 22:22:26.688581 2022] [php7:error] [pid 21787] [client 62.197.136.223:63964] script '/home/aerflo/content.php' not found or unable to stat, referer: www.google.com
[Tue May 24 22:23:54.943583 2022] [php7:error] [pid 12526] [client 62.197.136.223:60756] script '/home/aerflo/asdf.php' not found or unable to stat, referer: www.google.com
[Tue May 24 22:24:05.543681 2022] [php7:error] [pid 23626] [client 62.197.136.223:56726] script '/home/aerflo/wp-fox.php' not found or unable to stat, referer: www.google.com
[Tue May 24 23:20:49.999925 2022] [php7:error] [pid 20987] [client 210.1.31.3:51384] script '/home/aerflo/wp-login.php' not found or unable to stat
[Wed May 25 00:38:05.469501 2022] [php7:error] [pid 18310] [client 157.245.146.143:49708] script '/home/aerflo/style.php' not found or unable to stat
[Wed May 25 04:38:11.143383 2022] [php7:error] [pid 521] [client 178.254.10.124:49270] script '/home/aerflo/wp-login.php' not found or unable to stat
[Wed May 25 07:18:04.336653 2022] [php7:error] [pid 6835] [client 46.38.249.139:37610] script '/home/aerflo/wp-login.php' not found or unable to stat
[Wed May 25 07:24:32.600859 2022] [php7:error] [pid 6879] [client 51.68.38.140:60444] script '/home/aerflo/wp-login.php' not found or unable to stat
[Wed May 25 13:43:10.875622 2022] [php7:error] [pid 6840] [client 193.106.191.48:58814] script '/home/aerflo/index.php' not found or unable to stat
[Wed May 25 17:16:33.091774 2022] [php7:error] [pid 6879] [client 213.136.75.108:54712] script '/home/aerflo/wp-login.php' not found or unable to stat
[Wed May 25 17:32:30.229822 2022] [core:error] [pid 6854] [client 193.106.191.48:48498] AH00126: Invalid URI in request POST /cgi-bin/.%2e/.%2e/.%2e/.%2e/bin/sh HTTP/1.1
[Wed May 25 19:24:56.882680 2022] [php7:error] [pid 31299] [client 206.81.28.220:36912] script '/home/aerflo/system_api.php' not found or unable to stat
[Wed May 25 23:38:12.930949 2022] [php7:error] [pid 6879] [client 46.161.27.204:46738] script '/home/aerflo/wp-login.php' not found or unable to stat
[Thu May 26 11:11:25.845551 2022] [php7:error] [pid 26956] [client 91.231.140.78:59918] script '/home/aerflo/wikindex.php' not found or unable to stat
[Thu May 26 11:11:25.846259 2022] [php7:error] [pid 29262] [client 91.231.140.78:59914] script '/home/aerflo/admin.php' not found or unable to stat
[Thu May 26 11:11:25.848929 2022] [php7:error] [pid 32153] [client 91.231.140.78:59916] script '/home/aerflo/3index.php' not found or unable to stat
[Thu May 26 11:11:25.849499 2022] [php7:error] [pid 29258] [client 91.231.140.78:59912] script '/home/aerflo/class-wp-widget-archives.php' not found or unable to stat
[Thu May 26 11:14:06.618808 2022] [php7:error] [pid 26844] [client 193.106.191.48:49080] script '/home/aerflo/index.php' not found or unable to stat
[Thu May 26 15:25:22.981995 2022] [core:error] [pid 32183] [client 193.106.191.48:46958] AH00126: Invalid URI in request POST /cgi-bin/.%2e/.%2e/.%2e/.%2e/bin/sh HTTP/1.1
[Fri May 27 00:42:01.774573 2022] [php7:error] [pid 19562] [client 125.212.192.57:39656] script '/home/aerflo/wp-22.php' not found or unable to stat
[Fri May 27 01:19:00.779687 2022] [core:error] [pid 10712] [client 162.221.192.26:45488] AH00126: Invalid URI in request HEAD /icons/.%2e/%2e%2e/apache2/icons/sphere1.png HTTP/1.1
[Fri May 27 03:06:18.282492 2022] [php7:error] [pid 19562] [client 185.210.145.43:50508] script '/home/aerflo/defau1t.php' not found or unable to stat
[Fri May 27 03:06:18.282682 2022] [php7:error] [pid 22301] [client 185.210.145.43:50510] script '/home/aerflo/defau11.php' not found or unable to stat
[Fri May 27 03:06:18.550191 2022] [php7:error] [pid 29258] [client 185.210.145.43:50560] script '/home/aerflo/defaul1.php' not found or unable to stat
[Fri May 27 03:08:22.349209 2022] [php7:error] [pid 22301] [client 132.148.166.43:54264] script '/home/aerflo/defau1t.php' not found or unable to stat
[Fri May 27 03:08:22.349376 2022] [php7:error] [pid 27842] [client 132.148.166.43:54268] script '/home/aerflo/defaul1.php' not found or unable to stat
[Fri May 27 03:08:22.349376 2022] [php7:error] [pid 29258] [client 132.148.166.43:54266] script '/home/aerflo/defau11.php' not found or unable to stat
[Fri May 27 03:11:16.927221 2022] [php7:error] [pid 10712] [client 151.106.116.28:45832] script '/home/aerflo/defaul1.php' not found or unable to stat
[Fri May 27 03:11:16.931600 2022] [php7:error] [pid 15262] [client 151.106.116.28:45830] script '/home/aerflo/defau11.php' not found or unable to stat
[Fri May 27 03:11:16.935473 2022] [php7:error] [pid 21418] [client 151.106.116.28:45828] script '/home/aerflo/defau1t.php' not found or unable to stat
[Fri May 27 03:27:56.402995 2022] [php7:error] [pid 29258] [client 23.92.211.91:52810] script '/home/aerflo/defau1t.php' not found or unable to stat
[Fri May 27 03:27:56.403005 2022] [php7:error] [pid 11365] [client 23.92.211.91:52812] script '/home/aerflo/defau11.php' not found or unable to stat
[Fri May 27 03:27:56.403005 2022] [php7:error] [pid 10712] [client 23.92.211.91:52814] script '/home/aerflo/defaul1.php' not found or unable to stat
[Fri May 27 03:36:18.066997 2022] [php7:error] [pid 22705] [client 23.92.211.91:38316] script '/home/aerflo/defaul1.php' not found or unable to stat
[Fri May 27 03:36:18.113464 2022] [php7:error] [pid 15259] [client 23.92.211.91:38398] script '/home/aerflo/defau11.php' not found or unable to stat
[Fri May 27 03:36:18.113818 2022] [php7:error] [pid 21418] [client 23.92.211.91:38396] script '/home/aerflo/defau1t.php' not found or unable to stat
[Fri May 27 06:41:46.474299 2022] [core:error] [pid 1280] [client 31.44.185.235:42272] AH00126: Invalid URI in request GET /../../../mnt/mtd/Config/Account1 HTTP/1.1
[Fri May 27 08:12:58.783762 2022] [php7:error] [pid 1280] [client 193.106.191.48:51594] script '/home/aerflo/index.php' not found or unable to stat
[Fri May 27 12:10:52.377176 2022] [core:error] [pid 1923] [client 193.106.191.48:44886] AH00126: Invalid URI in request POST /cgi-bin/.%2e/.%2e/.%2e/.%2e/bin/sh HTTP/1.1
